{"id":264579,"date":"2023-09-28T20:20:09","date_gmt":"2023-09-28T19:20:09","guid":{"rendered":"https:\/\/amazonyguyane.fr\/kippen-4009-paire-de-cables-pour-batterie-200-amperes-longueur-250-m"},"modified":"2023-09-28T20:20:09","modified_gmt":"2023-09-28T19:20:09","slug":"kippen-4009-paire-de-cables-pour-batterie-200-amperes-longueur-250-m","status":"publish","type":"product","link":"https:\/\/amazonyguyane.fr\/produit\/kippen-4009-paire-de-cables-pour-batterie-200-amperes-longueur-250-m\/","title":{"rendered":"kippen 4009 &#8211; Paire de c\u00e2bles pour batterie 200 Amp\u00e8res, longueur 2,50 m"},"content":{"rendered":"<p><!-- show up to 2 reviews by default -->                        <\/p>\n<p> <span>Paire de c\u00e2bles pour batterie 200 A. Avec pinces de s\u00e9curit\u00e9 isol\u00e9es Ressort des pinces en acier pour une prise s\u00fbre sur les p\u00f4les de batterie. Avec sac pratique.<\/span>  <\/p>\n<p><\/p>\n","protected":false},"excerpt":{"rendered":"<p>Paire de c\u00e2bles pour batterie 200 A. Avec pinces de s\u00e9curit\u00e9 isol\u00e9es Ressort des pinces en acier pour une prise s\u00fbre sur les p\u00f4les de batterie. Avec sac pratique.<\/p>\n","protected":false},"featured_media":264580,"comment_status":"","ping_status":"closed","template":"","meta":{"_acf_changed":false},"product_brand":[],"product_cat":[2888],"product_tag":[],"class_list":{"0":"post-264579","1":"product","2":"type-product","3":"status-publish","4":"has-post-thumbnail","6":"product_cat-outils-et-depannage","8":"first","9":"instock","10":"taxable","11":"shipping-taxable","12":"purchasable","13":"product-type-simple","14":"add-to-wishlist-after_add_to_cart"},"acf":[],"_links":{"self":[{"href":"https:\/\/amazonyguyane.fr\/wp-json\/wp\/v2\/product\/264579","targetHints":{"allow":["GET"]}}],"collection":[{"href":"https:\/\/amazonyguyane.fr\/wp-json\/wp\/v2\/product"}],"about":[{"href":"https:\/\/amazonyguyane.fr\/wp-json\/wp\/v2\/types\/product"}],"replies":[{"embeddable":true,"href":"https:\/\/amazonyguyane.fr\/wp-json\/wp\/v2\/comments?post=264579"}],"version-history":[{"count":0,"href":"https:\/\/amazonyguyane.fr\/wp-json\/wp\/v2\/product\/264579\/revisions"}],"wp:featuredmedia":[{"embeddable":true,"href":"https:\/\/amazonyguyane.fr\/wp-json\/wp\/v2\/media\/264580"}],"wp:attachment":[{"href":"https:\/\/amazonyguyane.fr\/wp-json\/wp\/v2\/media?parent=264579"}],"wp:term":[{"taxonomy":"product_brand","embeddable":true,"href":"https:\/\/amazonyguyane.fr\/wp-json\/wp\/v2\/product_brand?post=264579"},{"taxonomy":"product_cat","embeddable":true,"href":"https:\/\/amazonyguyane.fr\/wp-json\/wp\/v2\/product_cat?post=264579"},{"taxonomy":"product_tag","embeddable":true,"href":"https:\/\/amazonyguyane.fr\/wp-json\/wp\/v2\/product_tag?post=264579"}],"curies":[{"name":"wp","href":"https:\/\/api.w.org\/{rel}","templated":true}]}}