{"id":269194,"date":"2023-09-28T22:20:31","date_gmt":"2023-09-28T21:20:31","guid":{"rendered":"https:\/\/amazonyguyane.fr\/eurom-ac2401-climatiseur"},"modified":"2023-09-28T22:20:31","modified_gmt":"2023-09-28T21:20:31","slug":"eurom-ac2401-climatiseur","status":"publish","type":"product","link":"https:\/\/amazonyguyane.fr\/produit\/eurom-ac2401-climatiseur\/","title":{"rendered":"EUROM AC2401 Climatiseur"},"content":{"rendered":"<li class=\"a-spacing-mini\"><span class=\"a-list-item\"> Les espaces ouverts jusqu&#8217;\u00e0 6,5 m\u00e8tres de long peuvent refroidir l&#8217;air tr\u00e8s bien  <\/span><\/li>\n<p><\/p>\n","protected":false},"excerpt":{"rendered":"<p>Les espaces ouverts jusqu&#8217;\u00e0 6,5 m\u00e8tres de long peuvent refroidir l&#8217;air tr\u00e8s bien<\/p>\n","protected":false},"featured_media":269195,"comment_status":"","ping_status":"closed","template":"","meta":{"_acf_changed":false},"product_brand":[],"product_cat":[2998],"product_tag":[],"class_list":{"0":"post-269194","1":"product","2":"type-product","3":"status-publish","4":"has-post-thumbnail","6":"product_cat-climatisation","8":"first","9":"instock","10":"taxable","11":"shipping-taxable","12":"purchasable","13":"product-type-simple","14":"add-to-wishlist-after_add_to_cart"},"acf":[],"_links":{"self":[{"href":"https:\/\/amazonyguyane.fr\/wp-json\/wp\/v2\/product\/269194","targetHints":{"allow":["GET"]}}],"collection":[{"href":"https:\/\/amazonyguyane.fr\/wp-json\/wp\/v2\/product"}],"about":[{"href":"https:\/\/amazonyguyane.fr\/wp-json\/wp\/v2\/types\/product"}],"replies":[{"embeddable":true,"href":"https:\/\/amazonyguyane.fr\/wp-json\/wp\/v2\/comments?post=269194"}],"version-history":[{"count":0,"href":"https:\/\/amazonyguyane.fr\/wp-json\/wp\/v2\/product\/269194\/revisions"}],"wp:featuredmedia":[{"embeddable":true,"href":"https:\/\/amazonyguyane.fr\/wp-json\/wp\/v2\/media\/269195"}],"wp:attachment":[{"href":"https:\/\/amazonyguyane.fr\/wp-json\/wp\/v2\/media?parent=269194"}],"wp:term":[{"taxonomy":"product_brand","embeddable":true,"href":"https:\/\/amazonyguyane.fr\/wp-json\/wp\/v2\/product_brand?post=269194"},{"taxonomy":"product_cat","embeddable":true,"href":"https:\/\/amazonyguyane.fr\/wp-json\/wp\/v2\/product_cat?post=269194"},{"taxonomy":"product_tag","embeddable":true,"href":"https:\/\/amazonyguyane.fr\/wp-json\/wp\/v2\/product_tag?post=269194"}],"curies":[{"name":"wp","href":"https:\/\/api.w.org\/{rel}","templated":true}]}}