{"id":272506,"date":"2023-09-29T20:48:06","date_gmt":"2023-09-29T19:48:06","guid":{"rendered":"https:\/\/amazonyguyane.fr\/cersatych2-domino-electricite-cosse-automatique-electrique-ressort-connecteur-rapide-55-pcs-2"},"modified":"2023-09-29T20:48:06","modified_gmt":"2023-09-29T19:48:06","slug":"cersatych2-domino-electricite-cosse-automatique-electrique-ressort-connecteur-rapide-55-pcs-2","status":"publish","type":"product","link":"https:\/\/amazonyguyane.fr\/produit\/cersatych2-domino-electricite-cosse-automatique-electrique-ressort-connecteur-rapide-55-pcs-2\/","title":{"rendered":"cersaty\u00aeCH2 Domino Electricite Cosse Automatique \u00c9lectrique Ressort Connecteur Rapide-55 Pcs"},"content":{"rendered":"<p><!-- show up to 2 reviews by default -->                        <\/p>\n<p><span class=\"a-text-bold\">\u261bsp\u00e9cifications<\/span><\/p>\n<\/p>\n<p><span> Nom du produit: CH2 Ressort Connecteur Rapide Borne<\/span><\/p>\n<\/p>\n<p><span> Mod\u00e8le: CH-2<\/span><\/p>\n<\/p>\n<p><span> Tension: 220V<\/span><\/p>\n<\/p>\n<p><span> Courant: 10A<\/span><\/p>\n<\/p>\n<p><span> Mat\u00e9riel: protection incendie PP<\/span><\/p>\n<\/p>\n<p><span> Couleur: blanc<\/span><\/p>\n<\/p>\n<p><span> AWG: 20-14<\/span><\/p>\n<\/p>\n<p><span> Dimensions: 19,5 x 17 x 13 mm (0,76 x0,66 x0,51 pouces) (L * W * D)<\/span><\/p>\n<\/p>\n<p><span> Gamme de fils: 0,5-2,5 mm\u00b2, support pour fils flexibles, fils durs, c\u00e2bles silicone monoconducteurs et multiconducteurs.<\/span><\/p>\n<\/p>\n<\/p>\n<p><span class=\"a-text-bold\">\u261bInstallation:<\/span><\/p>\n<\/p>\n<p><span> 1. Appuyez sur le clip \u00e0 ressort<\/span><\/p>\n<\/p>\n<p><span> 2. Ins\u00e9rez les fils (veuillez connecter + et &#8211; correctement)<\/span><\/p>\n<\/p>\n<p><span> 3. Laissez le clip de presse ouvert<\/span><\/p>\n<\/p>\n<\/p>\n<p><span class=\"a-text-bold\">\u261bLe forfait comprend:<\/span><\/p>\n<\/p>\n<p><span> Domino Electricite Connecteur Rapide CH2 x 55<\/span><\/p>\n<\/p>\n<\/p>\n<\/p>\n<p><span class=\"a-text-bold\">\u261bcersaty<\/span><span>Garantie de satisfaction \u00e0 100%:<\/span><\/p>\n<\/p>\n<p><span> Si les marchandises sont d\u00e9fectueuses ou pr\u00e9sentent d&#8217;autres erreurs, veuillez nous contacter via Amazon par e-mail.<\/span><\/p>\n<\/p>\n<p><span> Nous r\u00e9pondrons rapidement \u00e0 vos questions.<\/span><\/p>\n<\/p>\n<p><span> Nous ferons de notre mieux pour r\u00e9pondre \u00e0 vos besoins.<\/span><\/p>\n<\/p>\n<p><span> Nous vous offrons une garantie de remboursement \u00e0 100% si vous n&#8217;\u00eates pas satisfait de l&#8217;un de nos produits.<\/span><\/p>\n<\/p>\n<p><span> Nous nous effor\u00e7ons de vous offrir uniquement des produits de la plus haute qualit\u00e9 et le meilleur service.<\/span><\/p>\n<\/p>\n<\/p>\n<p>Code UNSPSC  :  39120000 (\u00c9quipements, composants et fournitures  \u00e9lectriques) Signaler un code incorrect              Dimensions du colis                                     \u200f                                          :                                     \u200e  17,6 x 9,8 x 2,4 cm; 140 grammes          Date de mise en ligne sur Amazon.fr                                     \u200f                                          :                                     \u200e  5 novembre 2019                                  Fabricant                                     \u200f                                          :                                     \u200e  AMZSUPER ERA          ASIN                                     \u200f                                          :                                     \u200e  B07Z4WSDLX          R\u00e9f\u00e9rence constructeur                                     \u200f                                          :                                     \u200e  CH-2          Pays d&#8217;origine                                     \u200f                                          :                                     \u200e  Chine          Disponibilit\u00e9 des pi\u00e8ces d\u00e9tach\u00e9es                                     \u200f                                          :                                     \u200e  Information indisponible sur les pi\u00e8ces d\u00e9tach\u00e9es<\/p>\n","protected":false},"excerpt":{"rendered":"<p>\u261bsp\u00e9cifications Nom du produit: CH2 Ressort Connecteur Rapide Borne Mod\u00e8le: CH-2 Tension: 220V Courant: 10A Mat\u00e9riel: protection incendie PP Couleur: blanc AWG: 20-14 Dimensions: 19,5 x 17 x 13 mm<\/p>\n","protected":false},"featured_media":272510,"comment_status":"","ping_status":"closed","template":"","meta":{"_acf_changed":false},"product_brand":[],"product_cat":[2999],"product_tag":[],"class_list":{"0":"post-272506","1":"product","2":"type-product","3":"status-publish","4":"has-post-thumbnail","6":"product_cat-electricite","8":"first","9":"instock","10":"taxable","11":"shipping-taxable","12":"purchasable","13":"product-type-simple","14":"add-to-wishlist-after_add_to_cart"},"acf":[],"_links":{"self":[{"href":"https:\/\/amazonyguyane.fr\/wp-json\/wp\/v2\/product\/272506","targetHints":{"allow":["GET"]}}],"collection":[{"href":"https:\/\/amazonyguyane.fr\/wp-json\/wp\/v2\/product"}],"about":[{"href":"https:\/\/amazonyguyane.fr\/wp-json\/wp\/v2\/types\/product"}],"replies":[{"embeddable":true,"href":"https:\/\/amazonyguyane.fr\/wp-json\/wp\/v2\/comments?post=272506"}],"version-history":[{"count":0,"href":"https:\/\/amazonyguyane.fr\/wp-json\/wp\/v2\/product\/272506\/revisions"}],"wp:featuredmedia":[{"embeddable":true,"href":"https:\/\/amazonyguyane.fr\/wp-json\/wp\/v2\/media\/272510"}],"wp:attachment":[{"href":"https:\/\/amazonyguyane.fr\/wp-json\/wp\/v2\/media?parent=272506"}],"wp:term":[{"taxonomy":"product_brand","embeddable":true,"href":"https:\/\/amazonyguyane.fr\/wp-json\/wp\/v2\/product_brand?post=272506"},{"taxonomy":"product_cat","embeddable":true,"href":"https:\/\/amazonyguyane.fr\/wp-json\/wp\/v2\/product_cat?post=272506"},{"taxonomy":"product_tag","embeddable":true,"href":"https:\/\/amazonyguyane.fr\/wp-json\/wp\/v2\/product_tag?post=272506"}],"curies":[{"name":"wp","href":"https:\/\/api.w.org\/{rel}","templated":true}]}}