{"id":272765,"date":"2023-09-29T20:51:16","date_gmt":"2023-09-29T19:51:16","guid":{"rendered":"https:\/\/amazonyguyane.fr\/kaiweets-testeur-de-tension-multifonction-multimetre-automatique-detecteur-de-tension-sans-contact-stylo-de-tension-electrique-avec-ecran-et-lampe-de-poche-test-de-resistance-capacite-diodes"},"modified":"2023-09-29T20:51:16","modified_gmt":"2023-09-29T19:51:16","slug":"kaiweets-testeur-de-tension-multifonction-multimetre-automatique-detecteur-de-tension-sans-contact-stylo-de-tension-electrique-avec-ecran-et-lampe-de-poche-test-de-resistance-capacite-diodes","status":"publish","type":"product","link":"https:\/\/amazonyguyane.fr\/produit\/kaiweets-testeur-de-tension-multifonction-multimetre-automatique-detecteur-de-tension-sans-contact-stylo-de-tension-electrique-avec-ecran-et-lampe-de-poche-test-de-resistance-capacite-diodes\/","title":{"rendered":"KAIWEETS Testeur de Tension Multifonction, Multimetre Automatique, D\u00e9tecteur de Tension sans Contact, Stylo de Tension \u00c9lectrique avec \u00c9cran et Lampe de Poche, Test de R\u00e9sistance, Capacit\u00e9, Diodes"},"content":{"rendered":"<li class=\"a-spacing-mini\"><span class=\"a-list-item\"> \u3010Test Multifonction\u3011Cet testeur de tension fournit des fonctions de test de tension CA\/CC ( 0 -600 V ), test de phase \u00e0 3 s\u00e9quences, d\u00e9tecteur de fil de phase, r\u00e9sistance, continuit\u00e9, capacit\u00e9, fr\u00e9quence, diode, test de batterie.  <\/span><\/li>\n<li class=\"a-spacing-mini\"><span class=\"a-list-item\"> \u3010Testeur de Tension Sans Contact\u3011D\u00e9tection de tension NCV. Alarmes visuelles et sonores bas\u00e9es sur l&#8217;intensit\u00e9 de la tension. Les alarmes sont diff\u00e9rentes selon l&#8217;intensit\u00e9 de la tension.  <\/span><\/li>\n<li class=\"a-spacing-mini\"><span class=\"a-list-item\"> \u3010Mode Intelligent\u3011Fonctionnant en mode automatique, le testeur identifie automatiquement ce qui est mesur\u00e9 parmi la tension, la r\u00e9sistance et la continuit\u00e9, et affiche la lecture \u00e0 l&#8217;\u00e9cran.  <\/span><\/li>\n<li class=\"a-spacing-mini\"><span class=\"a-list-item\"> \u3010Mini Multim\u00e8tre de Type Stylo\u3011Un multimetre num\u00e9rique avec une petite dimension de 17,2 x 3,1 x 2,8 cm et un poids de 193g.  <\/span><\/li>\n<li class=\"a-spacing-mini\"><span class=\"a-list-item\"> \u3010Service\u3011Nous fournissons un service de 3 ans et un support technique \u00e0 vie. Si vous avez des questions, n&#8217;h\u00e9sitez pas \u00e0 nous contacter.  <\/span><\/li>\n<p>Code UNSPSC  :  41113600 (\u00c9quipements de mesures et d&#8217;essais \u00e9lectriques) Signaler un code incorrect              Dimensions du colis                                     \u200f                                          :                                     \u200e  18,4 x 6,3 x 4,6 cm; 190 grammes          Date de mise en ligne sur Amazon.fr                                     \u200f                                          :                                     \u200e  17 f\u00e9vrier 2022                                  Fabricant                                     \u200f                                          :                                     \u200e  KAIWEETS          ASIN                                     \u200f                                          :                                     \u200e  B09SKW2ZK6          Num\u00e9ro du mod\u00e8le de l&#8217;article                                     \u200f                                          :                                     \u200e  ST100          Pays d&#8217;origine                                     \u200f                                          :                                     \u200e  Chine          Disponibilit\u00e9 des pi\u00e8ces d\u00e9tach\u00e9es                                     \u200f                                          :                                     \u200e  Information indisponible sur les pi\u00e8ces d\u00e9tach\u00e9es<\/p>\n","protected":false},"excerpt":{"rendered":"<p>\u3010Test Multifonction\u3011Cet testeur de tension fournit des fonctions de test de tension CA\/CC ( 0 -600 V ), test de phase \u00e0 3 s\u00e9quences, d\u00e9tecteur de fil de phase, r\u00e9sistance,<\/p>\n","protected":false},"featured_media":272766,"comment_status":"","ping_status":"closed","template":"","meta":{"_acf_changed":false},"product_brand":[],"product_cat":[2999],"product_tag":[],"class_list":{"0":"post-272765","1":"product","2":"type-product","3":"status-publish","4":"has-post-thumbnail","6":"product_cat-electricite","8":"first","9":"instock","10":"taxable","11":"shipping-taxable","12":"purchasable","13":"product-type-simple","14":"add-to-wishlist-after_add_to_cart"},"acf":[],"_links":{"self":[{"href":"https:\/\/amazonyguyane.fr\/wp-json\/wp\/v2\/product\/272765","targetHints":{"allow":["GET"]}}],"collection":[{"href":"https:\/\/amazonyguyane.fr\/wp-json\/wp\/v2\/product"}],"about":[{"href":"https:\/\/amazonyguyane.fr\/wp-json\/wp\/v2\/types\/product"}],"replies":[{"embeddable":true,"href":"https:\/\/amazonyguyane.fr\/wp-json\/wp\/v2\/comments?post=272765"}],"version-history":[{"count":0,"href":"https:\/\/amazonyguyane.fr\/wp-json\/wp\/v2\/product\/272765\/revisions"}],"wp:featuredmedia":[{"embeddable":true,"href":"https:\/\/amazonyguyane.fr\/wp-json\/wp\/v2\/media\/272766"}],"wp:attachment":[{"href":"https:\/\/amazonyguyane.fr\/wp-json\/wp\/v2\/media?parent=272765"}],"wp:term":[{"taxonomy":"product_brand","embeddable":true,"href":"https:\/\/amazonyguyane.fr\/wp-json\/wp\/v2\/product_brand?post=272765"},{"taxonomy":"product_cat","embeddable":true,"href":"https:\/\/amazonyguyane.fr\/wp-json\/wp\/v2\/product_cat?post=272765"},{"taxonomy":"product_tag","embeddable":true,"href":"https:\/\/amazonyguyane.fr\/wp-json\/wp\/v2\/product_tag?post=272765"}],"curies":[{"name":"wp","href":"https:\/\/api.w.org\/{rel}","templated":true}]}}