{"id":274717,"date":"2023-09-30T02:58:58","date_gmt":"2023-09-30T01:58:58","guid":{"rendered":"https:\/\/amazonyguyane.fr\/skjjl-jouets-de-bricolage-art-de-poke-10-pieces-de-peinture-a-la-main-pour-enfants-poke-art-diy-toys-paper-craft-kit-pour-enfants-filles-garcons-3-4-5-6-7-8-ans-diy-handmade-toys-dreamy-world"},"modified":"2023-09-30T02:58:58","modified_gmt":"2023-09-30T01:58:58","slug":"skjjl-jouets-de-bricolage-art-de-poke-10-pieces-de-peinture-a-la-main-pour-enfants-poke-art-diy-toys-paper-craft-kit-pour-enfants-filles-garcons-3-4-5-6-7-8-ans-diy-handmade-toys-dreamy-world","status":"publish","type":"product","link":"https:\/\/amazonyguyane.fr\/?product=skjjl-jouets-de-bricolage-art-de-poke-10-pieces-de-peinture-a-la-main-pour-enfants-poke-art-diy-toys-paper-craft-kit-pour-enfants-filles-garcons-3-4-5-6-7-8-ans-diy-handmade-toys-dreamy-world","title":{"rendered":"SKJJL Jouets de Bricolage Art de Poke, 10 Pi\u00e8ces De Peinture \u00e0 La Main Pour Enfants Poke Art DIY Toys Paper Craft Kit pour Enfants Filles Gar\u00e7ons 3 4 5 6 7 8 Ans DIY Handmade Toys (Dreamy World)"},"content":{"rendered":"<p><!-- show up to 2 reviews by default -->                        <\/p>\n<p> <span class=\"a-text-bold\">Fonction:<\/span><span><br \/>D\u00e9veloppe la patience et la pers\u00e9v\u00e9rance des enfants dans l&#8217;accomplissement des t\u00e2ches et stimule leur cr\u00e9ativit\u00e9 et leur imagination. Passez des heures interminables \u00e0 vous amuser !<\/p>\n<p>Offre des heures de peinture et de dessin. Il encourage les enfants \u00e0 lib\u00e9rer leur cr\u00e9ativit\u00e9 et \u00e0 s&#8217;exprimer \u00e0 travers l&#8217;art.<\/p>\n<p><\/span><span class=\"a-text-bold\">Sp\u00e9cifications<\/span><span><br \/>\u00c2ge Appropri\u00e9: 3 Ans Et Plus<br \/>Mat\u00e9riau : Papier<br \/>Taille : 185x140mm<br \/>Poids : 260g<\/p>\n<p><\/span><span class=\"a-text-bold\">Le Paquet Comprend:<\/span><span><br \/>10 * Plaque De Base<br \/>600 * Pi\u00e8ces De Tissu Color\u00e9<br \/>1 * Stylo<br \/>1 * Coton Perl\u00e9<\/p>\n<p><\/span><span class=\"a-text-bold\">Conseils Chauds:<\/span><span><br \/>\u2605 1. L&#8217;image peut pr\u00e9senter de l\u00e9g\u00e8res diff\u00e9rences de couleur.<br \/>\u2605 2. veuillez permettre des diff\u00e9rences de 0-2 mm en raison de la mesure manuelle.<br \/><\/span>  <\/p>\n<p>Code UNSPSC  :  60121000 (Produits artistiques) Signaler un code incorrect              Dimensions du produit (L x l x h)                                     \u200f                                          :                                     \u200e  18 x 14 x 1 cm; 170 grammes          Date de mise en ligne sur Amazon.fr                                     \u200f                                          :                                     \u200e  4 juillet 2023                                  Fabricant                                     \u200f                                          :                                     \u200e  SKJJL          ASIN                                     \u200f                                          :                                     \u200e  B0CB4B2N8P          Num\u00e9ro du mod\u00e8le de l&#8217;article                                     \u200f                                          :                                     \u200e  Handmalerei Kinder-9          Pays d&#8217;origine                                     \u200f                                          :                                     \u200e  Chine<\/p>\n","protected":false},"excerpt":{"rendered":"<p>Fonction:D\u00e9veloppe la patience et la pers\u00e9v\u00e9rance des enfants dans l&#8217;accomplissement des t\u00e2ches et stimule leur cr\u00e9ativit\u00e9 et leur imagination. Passez des heures interminables \u00e0 vous amuser ! Offre des heures<\/p>\n","protected":false},"featured_media":274718,"comment_status":"","ping_status":"closed","template":"","meta":{"_acf_changed":false},"product_brand":[],"product_cat":[3004],"product_tag":[],"class_list":{"0":"post-274717","1":"product","2":"type-product","3":"status-publish","4":"has-post-thumbnail","6":"product_cat-peinture-a-main","8":"first","9":"instock","10":"taxable","11":"shipping-taxable","12":"purchasable","13":"product-type-simple","14":"add-to-wishlist-after_add_to_cart"},"acf":[],"_links":{"self":[{"href":"https:\/\/amazonyguyane.fr\/index.php?rest_route=\/wp\/v2\/product\/274717","targetHints":{"allow":["GET"]}}],"collection":[{"href":"https:\/\/amazonyguyane.fr\/index.php?rest_route=\/wp\/v2\/product"}],"about":[{"href":"https:\/\/amazonyguyane.fr\/index.php?rest_route=\/wp\/v2\/types\/product"}],"replies":[{"embeddable":true,"href":"https:\/\/amazonyguyane.fr\/index.php?rest_route=%2Fwp%2Fv2%2Fcomments&post=274717"}],"version-history":[{"count":0,"href":"https:\/\/amazonyguyane.fr\/index.php?rest_route=\/wp\/v2\/product\/274717\/revisions"}],"wp:featuredmedia":[{"embeddable":true,"href":"https:\/\/amazonyguyane.fr\/index.php?rest_route=\/wp\/v2\/media\/274718"}],"wp:attachment":[{"href":"https:\/\/amazonyguyane.fr\/index.php?rest_route=%2Fwp%2Fv2%2Fmedia&parent=274717"}],"wp:term":[{"taxonomy":"product_brand","embeddable":true,"href":"https:\/\/amazonyguyane.fr\/index.php?rest_route=%2Fwp%2Fv2%2Fproduct_brand&post=274717"},{"taxonomy":"product_cat","embeddable":true,"href":"https:\/\/amazonyguyane.fr\/index.php?rest_route=%2Fwp%2Fv2%2Fproduct_cat&post=274717"},{"taxonomy":"product_tag","embeddable":true,"href":"https:\/\/amazonyguyane.fr\/index.php?rest_route=%2Fwp%2Fv2%2Fproduct_tag&post=274717"}],"curies":[{"name":"wp","href":"https:\/\/api.w.org\/{rel}","templated":true}]}}