{"id":277305,"date":"2023-10-04T15:46:05","date_gmt":"2023-10-04T14:46:05","guid":{"rendered":"https:\/\/amazonyguyane.fr\/thirard-verrou-a-onglet-200-mm"},"modified":"2023-10-04T15:46:05","modified_gmt":"2023-10-04T14:46:05","slug":"thirard-verrou-a-onglet-200-mm","status":"publish","type":"product","link":"https:\/\/amazonyguyane.fr\/?product=thirard-verrou-a-onglet-200-mm","title":{"rendered":"Thirard &#8211; VERROU A onglet 200 mm"},"content":{"rendered":"<p><!-- show up to 2 reviews by default -->                        <\/p>\n<p> <span>Thirard verre \u00e0 onglet 200 mm. T\u00f4le d&#8217;acier ondul\u00e9e. Panneau coulissant rond. zinc basculant. Emballage pour sacs cavaliers 213948 \u2013 213949. Serrure porte et fen\u00eatre 2 Thirard<\/span>  <\/p>\n<p><\/p>\n","protected":false},"excerpt":{"rendered":"<p>Thirard verre \u00e0 onglet 200 mm. T\u00f4le d&#8217;acier ondul\u00e9e. Panneau coulissant rond. zinc basculant. Emballage pour sacs cavaliers 213948 \u2013 213949. Serrure porte et fen\u00eatre 2 Thirard<\/p>\n","protected":false},"featured_media":277307,"comment_status":"","ping_status":"closed","template":"","meta":{"_acf_changed":false},"product_brand":[],"product_cat":[3001],"product_tag":[],"class_list":{"0":"post-277305","1":"product","2":"type-product","3":"status-publish","4":"has-post-thumbnail","6":"product_cat-quincaillerie","8":"first","9":"instock","10":"taxable","11":"shipping-taxable","12":"purchasable","13":"product-type-simple","14":"add-to-wishlist-after_add_to_cart"},"acf":[],"_links":{"self":[{"href":"https:\/\/amazonyguyane.fr\/index.php?rest_route=\/wp\/v2\/product\/277305","targetHints":{"allow":["GET"]}}],"collection":[{"href":"https:\/\/amazonyguyane.fr\/index.php?rest_route=\/wp\/v2\/product"}],"about":[{"href":"https:\/\/amazonyguyane.fr\/index.php?rest_route=\/wp\/v2\/types\/product"}],"replies":[{"embeddable":true,"href":"https:\/\/amazonyguyane.fr\/index.php?rest_route=%2Fwp%2Fv2%2Fcomments&post=277305"}],"version-history":[{"count":0,"href":"https:\/\/amazonyguyane.fr\/index.php?rest_route=\/wp\/v2\/product\/277305\/revisions"}],"wp:featuredmedia":[{"embeddable":true,"href":"https:\/\/amazonyguyane.fr\/index.php?rest_route=\/wp\/v2\/media\/277307"}],"wp:attachment":[{"href":"https:\/\/amazonyguyane.fr\/index.php?rest_route=%2Fwp%2Fv2%2Fmedia&parent=277305"}],"wp:term":[{"taxonomy":"product_brand","embeddable":true,"href":"https:\/\/amazonyguyane.fr\/index.php?rest_route=%2Fwp%2Fv2%2Fproduct_brand&post=277305"},{"taxonomy":"product_cat","embeddable":true,"href":"https:\/\/amazonyguyane.fr\/index.php?rest_route=%2Fwp%2Fv2%2Fproduct_cat&post=277305"},{"taxonomy":"product_tag","embeddable":true,"href":"https:\/\/amazonyguyane.fr\/index.php?rest_route=%2Fwp%2Fv2%2Fproduct_tag&post=277305"}],"curies":[{"name":"wp","href":"https:\/\/api.w.org\/{rel}","templated":true}]}}