{"id":280891,"date":"2023-10-04T16:51:12","date_gmt":"2023-10-04T15:51:12","guid":{"rendered":"https:\/\/amazonyguyane.fr\/vesaneae-chemin-de-table-18032-5cm-chemin-de-table-fleurs-chemin-de-table-en-lin-chemin-de-table-moderne-chemin-de-table-impermeable-et-lavable-decoration-de-table-pour-salle-a-mangerfleurs-2"},"modified":"2023-10-04T16:51:30","modified_gmt":"2023-10-04T15:51:30","slug":"vesaneae-chemin-de-table-18032-5cm-chemin-de-table-fleurs-chemin-de-table-en-lin-chemin-de-table-moderne-chemin-de-table-impermeable-et-lavable-decoration-de-table-pour-salle-a-mangerfleurs-2","status":"publish","type":"product","link":"https:\/\/amazonyguyane.fr\/produit\/vesaneae-chemin-de-table-18032-5cm-chemin-de-table-fleurs-chemin-de-table-en-lin-chemin-de-table-moderne-chemin-de-table-impermeable-et-lavable-decoration-de-table-pour-salle-a-mangerfleurs-2\/","title":{"rendered":"Vesaneae Chemin De Table 180*32.5cm, Chemin de Table Fleurs, Chemin de Table en Lin, Chemin de Table Moderne, Chemin de Table imperm\u00e9able et Lavable, D\u00e9coration de Table pour Salle \u00e0 Manger(Fleurs 2)"},"content":{"rendered":"<p><!-- show up to 2 reviews by default -->                        <\/p>\n<p> <span>Nom du produit&nbsp;: <\/p>\n<p> Taille : 180 cm * 32.5 cm ; \u00c9paisseur&nbsp;: <br \/> Mati\u00e8re : 70% lin + 30% polyester <br \/> Poids&nbsp;: <\/p>\n<p> Fonctionnalit\u00e9&nbsp;:<br \/> Le design simple et la couleur du chemin de table peuvent ajouter une atmosph\u00e8re unique \u00e0 votre table \u00e0 manger, rendant votre maison plus \u00e9l\u00e9gante et chaleureuse.<br \/> Non seulement beau, mais aussi pratique, peut prot\u00e9ger le bureau.<br \/> Le chemin de table en lin convient \u00e0 votre table \u00e0 manger, table basse, bureau, table de rangement, table de pique-nique, terrasse.<br \/> D\u00e9corez la table \u00e0 manger, profitez de la vie et apportez une touche de fra\u00eecheur et de chaleur \u00e0 votre espace de vie.<br \/> Lavage en machine \u00e0 froid, cycle d\u00e9licat, s\u00e9chage en machine \u00e0 basse temp\u00e9rature.<br \/> Les motifs imprim\u00e9s haute d\u00e9finition et les couleurs vives ne se d\u00e9coloreront pas au lavage.<br \/><\/span>  <\/p>\n<p>Code UNSPSC  :  52121603 (Chemins de table) Signaler un code incorrect              Dimensions du produit (L x l x h)                                     \u200f                                          :                                     \u200e  180 x 33 x 0,03 cm; 100 grammes          Fabricant                                     \u200f                                          :                                     \u200e  Vesaneae          ASIN                                     \u200f                                          :                                     \u200e  B0BWYMTMR3          Num\u00e9ro du mod\u00e8le de l&#8217;article                                     \u200f                                          :                                     \u200e  301-17013-30ST00          Pays d&#8217;origine                                     \u200f                                          :                                     \u200e  Chine<\/p>\n","protected":false},"excerpt":{"rendered":"<p>Nom du produit&nbsp;: Taille : 180 cm * 32.5 cm ; \u00c9paisseur&nbsp;: Mati\u00e8re : 70% lin + 30% polyester Poids&nbsp;: Fonctionnalit\u00e9&nbsp;: Le design simple et la couleur du chemin de<\/p>\n","protected":false},"featured_media":280892,"comment_status":"","ping_status":"closed","template":"","meta":{"_acf_changed":false},"product_brand":[],"product_cat":[3015],"product_tag":[],"class_list":{"0":"post-280891","1":"product","2":"type-product","3":"status-publish","4":"has-post-thumbnail","6":"product_cat-arts-de-la-table","8":"first","9":"instock","10":"taxable","11":"shipping-taxable","12":"purchasable","13":"product-type-variable","14":"add-to-wishlist-after_add_to_cart"},"acf":[],"_links":{"self":[{"href":"https:\/\/amazonyguyane.fr\/wp-json\/wp\/v2\/product\/280891","targetHints":{"allow":["GET"]}}],"collection":[{"href":"https:\/\/amazonyguyane.fr\/wp-json\/wp\/v2\/product"}],"about":[{"href":"https:\/\/amazonyguyane.fr\/wp-json\/wp\/v2\/types\/product"}],"replies":[{"embeddable":true,"href":"https:\/\/amazonyguyane.fr\/wp-json\/wp\/v2\/comments?post=280891"}],"version-history":[{"count":0,"href":"https:\/\/amazonyguyane.fr\/wp-json\/wp\/v2\/product\/280891\/revisions"}],"wp:featuredmedia":[{"embeddable":true,"href":"https:\/\/amazonyguyane.fr\/wp-json\/wp\/v2\/media\/280892"}],"wp:attachment":[{"href":"https:\/\/amazonyguyane.fr\/wp-json\/wp\/v2\/media?parent=280891"}],"wp:term":[{"taxonomy":"product_brand","embeddable":true,"href":"https:\/\/amazonyguyane.fr\/wp-json\/wp\/v2\/product_brand?post=280891"},{"taxonomy":"product_cat","embeddable":true,"href":"https:\/\/amazonyguyane.fr\/wp-json\/wp\/v2\/product_cat?post=280891"},{"taxonomy":"product_tag","embeddable":true,"href":"https:\/\/amazonyguyane.fr\/wp-json\/wp\/v2\/product_tag?post=280891"}],"curies":[{"name":"wp","href":"https:\/\/api.w.org\/{rel}","templated":true}]}}