{"id":283976,"date":"2023-10-04T19:42:50","date_gmt":"2023-10-04T18:42:50","guid":{"rendered":"https:\/\/amazonyguyane.fr\/the-g-lab-korp-thallium-casque-gaming-usb-son-7-1-digital-surround-micro-casque-gamer-audio-haute-qualite-microphone-a-reduction-de-bruits-led-rgb-compatible-pc-ps4-ps5-noir"},"modified":"2023-10-04T19:43:14","modified_gmt":"2023-10-04T18:43:14","slug":"the-g-lab-korp-thallium-casque-gaming-usb-son-7-1-digital-surround-micro-casque-gamer-audio-haute-qualite-microphone-a-reduction-de-bruits-led-rgb-compatible-pc-ps4-ps5-noir","status":"publish","type":"product","link":"https:\/\/amazonyguyane.fr\/produit\/the-g-lab-korp-thallium-casque-gaming-usb-son-7-1-digital-surround-micro-casque-gamer-audio-haute-qualite-microphone-a-reduction-de-bruits-led-rgb-compatible-pc-ps4-ps5-noir\/","title":{"rendered":"THE G-LAB Korp THALLIUM Casque Gaming USB Son 7.1 Digital Surround &#8211; Micro Casque Gamer Audio Haute Qualit\u00e9 &#8211; Microphone \u00e0 r\u00e9duction de bruits &#8211; LED RGB &#8211; Compatible PC PS4 PS5 (Noir)"},"content":{"rendered":"<p><!-- show up to 2 reviews by default -->                        <\/p>\n<p> <span>Casque Micro Gamer The G-Lab Korp Thallium RGB (Noir). Sensibilit\u00e9 : 100dB.<\/span>  <\/p>\n<p><\/p>\n","protected":false},"excerpt":{"rendered":"<p>Casque Micro Gamer The G-Lab Korp Thallium RGB (Noir). Sensibilit\u00e9 : 100dB.<\/p>\n","protected":false},"featured_media":283977,"comment_status":"","ping_status":"closed","template":"","meta":{"_acf_changed":false},"product_brand":[],"product_cat":[25],"product_tag":[],"class_list":{"0":"post-283976","1":"product","2":"type-product","3":"status-publish","4":"has-post-thumbnail","6":"product_cat-casque-gaming","8":"first","9":"instock","10":"taxable","11":"shipping-taxable","12":"purchasable","13":"product-type-variable","14":"add-to-wishlist-after_add_to_cart"},"acf":[],"_links":{"self":[{"href":"https:\/\/amazonyguyane.fr\/wp-json\/wp\/v2\/product\/283976","targetHints":{"allow":["GET"]}}],"collection":[{"href":"https:\/\/amazonyguyane.fr\/wp-json\/wp\/v2\/product"}],"about":[{"href":"https:\/\/amazonyguyane.fr\/wp-json\/wp\/v2\/types\/product"}],"replies":[{"embeddable":true,"href":"https:\/\/amazonyguyane.fr\/wp-json\/wp\/v2\/comments?post=283976"}],"version-history":[{"count":0,"href":"https:\/\/amazonyguyane.fr\/wp-json\/wp\/v2\/product\/283976\/revisions"}],"wp:featuredmedia":[{"embeddable":true,"href":"https:\/\/amazonyguyane.fr\/wp-json\/wp\/v2\/media\/283977"}],"wp:attachment":[{"href":"https:\/\/amazonyguyane.fr\/wp-json\/wp\/v2\/media?parent=283976"}],"wp:term":[{"taxonomy":"product_brand","embeddable":true,"href":"https:\/\/amazonyguyane.fr\/wp-json\/wp\/v2\/product_brand?post=283976"},{"taxonomy":"product_cat","embeddable":true,"href":"https:\/\/amazonyguyane.fr\/wp-json\/wp\/v2\/product_cat?post=283976"},{"taxonomy":"product_tag","embeddable":true,"href":"https:\/\/amazonyguyane.fr\/wp-json\/wp\/v2\/product_tag?post=283976"}],"curies":[{"name":"wp","href":"https:\/\/api.w.org\/{rel}","templated":true}]}}