{"id":284274,"date":"2023-10-04T19:48:43","date_gmt":"2023-10-04T18:48:43","guid":{"rendered":"https:\/\/amazonyguyane.fr\/steelseries-arctis-1-wireless-casque-de-gaming-sans-fil-connectivite-sans-fil-usb-c-micro-clearcast-amovible-pour-pc-ps4-nintendo-switch-android"},"modified":"2023-10-04T19:48:43","modified_gmt":"2023-10-04T18:48:43","slug":"steelseries-arctis-1-wireless-casque-de-gaming-sans-fil-connectivite-sans-fil-usb-c-micro-clearcast-amovible-pour-pc-ps4-nintendo-switch-android","status":"publish","type":"product","link":"https:\/\/amazonyguyane.fr\/produit\/steelseries-arctis-1-wireless-casque-de-gaming-sans-fil-connectivite-sans-fil-usb-c-micro-clearcast-amovible-pour-pc-ps4-nintendo-switch-android\/","title":{"rendered":"SteelSeries Arctis 1 Wireless \u2013 Casque de gaming sans fil \u2013 Connectivit\u00e9 sans fil USB-C \u2013 Micro ClearCast amovible \u2013 pour PC, PS4, Nintendo Switch, Android"},"content":{"rendered":"<p><!-- show up to 2 reviews by default -->                <\/p>\n<h3> <span>Description du produit<\/span> <\/h3>\n<p> <span>Le casque Arctis 1 sans fil est le premier casque de gaming sans fil au monde con\u00e7u pour PC, PS5, PS4, Switch et Android. Gr\u00e2ce \u00e0 sa cl\u00e9 USB-C innovante, il est id\u00e9al pour jouer chez vous et partout ailleurs. L\u00e9ger et \u00e9pur\u00e9, il est dot\u00e9 des m\u00eames pilotes d&#8217;enceinte haute-qualit\u00e9 et technologie de micro que l&#8217;Arctis 7, encens\u00e9 par la critique. Les commandes \u00e0 l&#8217;oreille permettent de couper le micro et de r\u00e9gler le volume facilement, directement sur le casque, tandis que le micro se d\u00e9tache pour transformer ce casque de gaming en \u00e9couteurs nomades. Avec l&#8217;Arctis 1, la performance prim\u00e9e de la gamme Arctis vous accompagne partout.<\/span>  <\/p>\n<h3> <span>Amazon.fr<\/span> <\/h3>\n<p> <span>Le casque Arctis 1 sans fil est le premier casque de gaming sans fil au monde con\u00e7u pour PC, PS4, Switch et Android. Gr\u00e2ce \u00e0 sa cl\u00e9 USB-C innovante, il est id\u00e9al pour jouer chez vous et partout ailleurs. L\u00e9ger et \u00e9pur\u00e9, il est dot\u00e9 des m\u00eames pilotes d&#8217;enceinte haute-qualit\u00e9 et technologie de micro que l&#8217;Arctis 7, encens\u00e9 par la critique. Les commandes \u00e0 l&#8217;oreille permettent de couper le micro et de r\u00e9gler le volume facilement, directement sur le casque, tandis que le micro se d\u00e9tache pour transformer ce casque de gaming en \u00e9couteurs nomades. Avec l&#8217;Arctis 1, la performance prim\u00e9e de la gamme Arctis vous accompagne partout.<\/span>  <\/p>\n<p><\/p>\n","protected":false},"excerpt":{"rendered":"<p>Description du produit Le casque Arctis 1 sans fil est le premier casque de gaming sans fil au monde con\u00e7u pour PC, PS5, PS4, Switch et Android. Gr\u00e2ce \u00e0 sa<\/p>\n","protected":false},"featured_media":284275,"comment_status":"","ping_status":"closed","template":"","meta":{"_acf_changed":false},"product_brand":[],"product_cat":[25],"product_tag":[],"class_list":{"0":"post-284274","1":"product","2":"type-product","3":"status-publish","4":"has-post-thumbnail","6":"product_cat-casque-gaming","8":"first","9":"instock","10":"taxable","11":"shipping-taxable","12":"purchasable","13":"product-type-simple","14":"add-to-wishlist-after_add_to_cart"},"acf":[],"_links":{"self":[{"href":"https:\/\/amazonyguyane.fr\/wp-json\/wp\/v2\/product\/284274","targetHints":{"allow":["GET"]}}],"collection":[{"href":"https:\/\/amazonyguyane.fr\/wp-json\/wp\/v2\/product"}],"about":[{"href":"https:\/\/amazonyguyane.fr\/wp-json\/wp\/v2\/types\/product"}],"replies":[{"embeddable":true,"href":"https:\/\/amazonyguyane.fr\/wp-json\/wp\/v2\/comments?post=284274"}],"version-history":[{"count":0,"href":"https:\/\/amazonyguyane.fr\/wp-json\/wp\/v2\/product\/284274\/revisions"}],"wp:featuredmedia":[{"embeddable":true,"href":"https:\/\/amazonyguyane.fr\/wp-json\/wp\/v2\/media\/284275"}],"wp:attachment":[{"href":"https:\/\/amazonyguyane.fr\/wp-json\/wp\/v2\/media?parent=284274"}],"wp:term":[{"taxonomy":"product_brand","embeddable":true,"href":"https:\/\/amazonyguyane.fr\/wp-json\/wp\/v2\/product_brand?post=284274"},{"taxonomy":"product_cat","embeddable":true,"href":"https:\/\/amazonyguyane.fr\/wp-json\/wp\/v2\/product_cat?post=284274"},{"taxonomy":"product_tag","embeddable":true,"href":"https:\/\/amazonyguyane.fr\/wp-json\/wp\/v2\/product_tag?post=284274"}],"curies":[{"name":"wp","href":"https:\/\/api.w.org\/{rel}","templated":true}]}}