{"id":284966,"date":"2023-10-04T20:21:06","date_gmt":"2023-10-04T19:21:06","guid":{"rendered":"https:\/\/amazonyguyane.fr\/panasonic-camescope-noir"},"modified":"2023-10-04T20:21:06","modified_gmt":"2023-10-04T19:21:06","slug":"panasonic-camescope-noir","status":"publish","type":"product","link":"https:\/\/amazonyguyane.fr\/produit\/panasonic-camescope-noir\/","title":{"rendered":"Panasonic &#8211; Cam\u00e9scope Noir"},"content":{"rendered":"<p><!-- show up to 2 reviews by default -->                        <\/p>\n<p> <span>Si eres un apasionado de la inform\u00e1tica y la electr\u00f3nica, te gusta estar a la \u00faltima en tecnolog\u00eda y no perderte detalle, compra Videoc\u00e1mara Panasonic HC-V180-EC 18.1 Mp 2.7&#8243; Full HD Negro al mejor precio.Zoom inteligente 90xGran anguloar 28 mmSensor mos 18,1 MPControl creativo<\/span>  <\/p>\n<p><\/p>\n","protected":false},"excerpt":{"rendered":"<p>Si eres un apasionado de la inform\u00e1tica y la electr\u00f3nica, te gusta estar a la \u00faltima en tecnolog\u00eda y no perderte detalle, compra Videoc\u00e1mara Panasonic HC-V180-EC 18.1 Mp 2.7&#8243; Full<\/p>\n","protected":false},"featured_media":284967,"comment_status":"","ping_status":"closed","template":"","meta":{"_acf_changed":false},"product_brand":[],"product_cat":[38024],"product_tag":[],"class_list":{"0":"post-284966","1":"product","2":"type-product","3":"status-publish","4":"has-post-thumbnail","6":"product_cat-camescopes","8":"first","9":"instock","10":"taxable","11":"shipping-taxable","12":"purchasable","13":"product-type-simple","14":"add-to-wishlist-after_add_to_cart"},"acf":[],"_links":{"self":[{"href":"https:\/\/amazonyguyane.fr\/wp-json\/wp\/v2\/product\/284966","targetHints":{"allow":["GET"]}}],"collection":[{"href":"https:\/\/amazonyguyane.fr\/wp-json\/wp\/v2\/product"}],"about":[{"href":"https:\/\/amazonyguyane.fr\/wp-json\/wp\/v2\/types\/product"}],"replies":[{"embeddable":true,"href":"https:\/\/amazonyguyane.fr\/wp-json\/wp\/v2\/comments?post=284966"}],"version-history":[{"count":0,"href":"https:\/\/amazonyguyane.fr\/wp-json\/wp\/v2\/product\/284966\/revisions"}],"wp:featuredmedia":[{"embeddable":true,"href":"https:\/\/amazonyguyane.fr\/wp-json\/wp\/v2\/media\/284967"}],"wp:attachment":[{"href":"https:\/\/amazonyguyane.fr\/wp-json\/wp\/v2\/media?parent=284966"}],"wp:term":[{"taxonomy":"product_brand","embeddable":true,"href":"https:\/\/amazonyguyane.fr\/wp-json\/wp\/v2\/product_brand?post=284966"},{"taxonomy":"product_cat","embeddable":true,"href":"https:\/\/amazonyguyane.fr\/wp-json\/wp\/v2\/product_cat?post=284966"},{"taxonomy":"product_tag","embeddable":true,"href":"https:\/\/amazonyguyane.fr\/wp-json\/wp\/v2\/product_tag?post=284966"}],"curies":[{"name":"wp","href":"https:\/\/api.w.org\/{rel}","templated":true}]}}