{"id":298061,"date":"2023-10-06T16:09:55","date_gmt":"2023-10-06T15:09:55","guid":{"rendered":"https:\/\/amazonyguyane.fr\/?product=molezumolezu-costume-dhorreur-en-latex-pour-halloween-costume-effrayant-pour-fete-accessoires-de-zombie-effrayants-jaune-taille-unique"},"modified":"2023-10-06T16:09:55","modified_gmt":"2023-10-06T15:09:55","slug":"molezumolezu-costume-dhorreur-en-latex-pour-halloween-costume-effrayant-pour-fete-accessoires-de-zombie-effrayants-jaune-taille-unique","status":"publish","type":"product","link":"https:\/\/amazonyguyane.fr\/produit\/molezumolezu-costume-dhorreur-en-latex-pour-halloween-costume-effrayant-pour-fete-accessoires-de-zombie-effrayants-jaune-taille-unique\/","title":{"rendered":"molezuMOLEZU Costume d&#8217;horreur en latex pour Halloween &#8211; Costume effrayant pour f\u00eate &#8211; Accessoires de zombie effrayants &#8211; Jaune, taille unique"},"content":{"rendered":"<li class=\"a-spacing-mini\"><span class=\"a-list-item\"> Si vous cherchez un moyen facile d&#8217;obtenir un look vraiment effrayant et effrayant pour votre bal de maquillage, maison hant\u00e9e, ce masque d&#8217;horreur est parfait pour vous.  <\/span><\/li>\n<li class=\"a-spacing-mini\"><span class=\"a-list-item\"> Naturel: Ce costume est fabriqu\u00e9 \u00e0 partir de latex \u00e9cologique 100% naturel de haute qualit\u00e9. Un traitement de d\u00e9sodorisation a \u00e9t\u00e9 effectu\u00e9 pendant la production. Odeur neutre, imperm\u00e9able et isolant, tr\u00e8s naturel, r\u00e9aliste et facile \u00e0 nettoyer.  <\/span><\/li>\n<li class=\"a-spacing-mini\"><span class=\"a-list-item\"> Visibilit\u00e9 et respirabilit\u00e9: il n&#8217;y a pas d&#8217;obstacles visuels et respiratoires. Vous pouvez voir les choses \u00e0 travers les yeux du costume et respirer par le nez. Cela vous donnera une atmosph\u00e8re plus agr\u00e9able et active. Le latex de caoutchouc est \u00e9lastique et \u00e9lastique, avec beaucoup d&#8217;espace et de respirabilit\u00e9.  <\/span><\/li>\n<li class=\"a-spacing-mini\"><span class=\"a-list-item\"> Utilisation int\u00e9ressante: costumes d&#8217;horreur pour Halloween, No\u00ebl, P\u00e2ques, carnaval, f\u00eate costum\u00e9e, f\u00eate de jour ou bo\u00eete de nuit. Il est \u00e9galement possible de jouer \u00e0 la maison ou le week &#8211; end. Cependant, vous verrez \u00e9galement beaucoup d&#8217;utilit\u00e9 \u00e0 d&#8217;autres moments que Halloween!  <\/span><\/li>\n<li class=\"a-spacing-mini\"><span class=\"a-list-item\"> 1 an de garantie: 1 an de garantie du fabricant, 30 jours sans probl\u00e8me. N&#8217;h\u00e9sitez pas \u00e0 acheter. Nous esp\u00e9rons que nos costumes de monstres vous apporteront beaucoup de plaisir. Si vous n&#8217;aimez pas ou avez des questions ou des suggestions, n&#8217;h\u00e9sitez pas \u00e0 nous contacter par e &#8211; mail.  <\/span><\/li>\n<p>Production interrompue par le fabricant                                     \u200f                                          :                                     \u200e  Non          Dimensions du produit (L x l x h)                                     \u200f                                          :                                     \u200e  30,23 x 24,38 x 5,33 cm; 259 grammes                Code UNSPSC  :  60141400 (Mat\u00e9riel et accessoires pour jeux d\u2019imagination) Signaler un code incorrect              \u00c2ge recommand\u00e9 par le fabricant                                     \u200f                                          :                                     \u200e  12 mois et plus          R\u00e9f\u00e9rence constructeur                                     \u200f                                          :                                     \u200e  43186-351827          ASIN                                     \u200f                                          :                                     \u200e  B074T37NB7          Pays d&#8217;origine                                     \u200f                                          :                                     \u200e  Chine<\/p>\n","protected":false},"excerpt":{"rendered":"<p>Si vous cherchez un moyen facile d&#8217;obtenir un look vraiment effrayant et effrayant pour votre bal de maquillage, maison hant\u00e9e, ce masque d&#8217;horreur est parfait pour vous. Naturel: Ce costume<\/p>\n","protected":false},"featured_media":298062,"comment_status":"","ping_status":"closed","template":"","meta":{"_acf_changed":false},"product_brand":[],"product_cat":[910],"product_tag":[],"class_list":{"0":"post-298061","1":"product","2":"type-product","3":"status-publish","4":"has-post-thumbnail","6":"product_cat-masque-homme","8":"first","9":"outofstock","10":"taxable","11":"shipping-taxable","12":"purchasable","13":"product-type-simple","14":"add-to-wishlist-after_add_to_cart"},"acf":[],"_links":{"self":[{"href":"https:\/\/amazonyguyane.fr\/wp-json\/wp\/v2\/product\/298061","targetHints":{"allow":["GET"]}}],"collection":[{"href":"https:\/\/amazonyguyane.fr\/wp-json\/wp\/v2\/product"}],"about":[{"href":"https:\/\/amazonyguyane.fr\/wp-json\/wp\/v2\/types\/product"}],"replies":[{"embeddable":true,"href":"https:\/\/amazonyguyane.fr\/wp-json\/wp\/v2\/comments?post=298061"}],"version-history":[{"count":0,"href":"https:\/\/amazonyguyane.fr\/wp-json\/wp\/v2\/product\/298061\/revisions"}],"wp:featuredmedia":[{"embeddable":true,"href":"https:\/\/amazonyguyane.fr\/wp-json\/wp\/v2\/media\/298062"}],"wp:attachment":[{"href":"https:\/\/amazonyguyane.fr\/wp-json\/wp\/v2\/media?parent=298061"}],"wp:term":[{"taxonomy":"product_brand","embeddable":true,"href":"https:\/\/amazonyguyane.fr\/wp-json\/wp\/v2\/product_brand?post=298061"},{"taxonomy":"product_cat","embeddable":true,"href":"https:\/\/amazonyguyane.fr\/wp-json\/wp\/v2\/product_cat?post=298061"},{"taxonomy":"product_tag","embeddable":true,"href":"https:\/\/amazonyguyane.fr\/wp-json\/wp\/v2\/product_tag?post=298061"}],"curies":[{"name":"wp","href":"https:\/\/api.w.org\/{rel}","templated":true}]}}