{"id":298449,"date":"2023-10-06T17:06:13","date_gmt":"2023-10-06T16:06:13","guid":{"rendered":"https:\/\/amazonyguyane.fr\/?product=goodsgadgetsmasque-de-sorciere-latex-masque-de-sorciere-lanneau-halloween-vampire-pleine-tete-fantome-masque-complet-cosplay"},"modified":"2023-10-06T17:06:13","modified_gmt":"2023-10-06T16:06:13","slug":"goodsgadgetsmasque-de-sorciere-latex-masque-de-sorciere-lanneau-halloween-vampire-pleine-tete-fantome-masque-complet-cosplay","status":"publish","type":"product","link":"https:\/\/amazonyguyane.fr\/?product=goodsgadgetsmasque-de-sorciere-latex-masque-de-sorciere-lanneau-halloween-vampire-pleine-tete-fantome-masque-complet-cosplay","title":{"rendered":"GOODS+GADGETSMasque de sorci\u00e8re Latex Masque de sorci\u00e8re l&#8217;anneau Halloween Vampire Pleine t\u00eate fant\u00f4me Masque Complet Cosplay"},"content":{"rendered":"<p>Code UNSPSC  :  60141400 (Mat\u00e9riel et accessoires pour jeux d\u2019imagination) Signaler un code incorrect              Dimensions du colis                                     \u200f                                          :                                     \u200e  20 x 18 x 5,6 cm; 40 grammes          Date de mise en ligne sur Amazon.fr                                     \u200f                                          :                                     \u200e  22 octobre 2019                                  Fabricant                                     \u200f                                          :                                     \u200e  Goods &amp; Gadgets          ASIN                                     \u200f                                          :                                     \u200e  B07Z6K5MBB          R\u00e9f\u00e9rence constructeur                                     \u200f                                          :                                     \u200e  25588256          Pays d&#8217;origine                                     \u200f                                          :                                     \u200e  Chine<\/p>\n","protected":false},"excerpt":{"rendered":"<p>Code UNSPSC : 60141400 (Mat\u00e9riel et accessoires pour jeux d\u2019imagination) Signaler un code incorrect Dimensions du colis \u200f : \u200e 20 x 18 x 5,6 cm; 40 grammes Date de<\/p>\n","protected":false},"featured_media":298450,"comment_status":"","ping_status":"closed","template":"","meta":{"_acf_changed":false},"product_brand":[],"product_cat":[1109],"product_tag":[],"class_list":{"0":"post-298449","1":"product","2":"type-product","3":"status-publish","4":"has-post-thumbnail","6":"product_cat-masques-femmes","8":"first","9":"instock","10":"taxable","11":"shipping-taxable","12":"purchasable","13":"product-type-simple","14":"add-to-wishlist-after_add_to_cart"},"acf":[],"_links":{"self":[{"href":"https:\/\/amazonyguyane.fr\/index.php?rest_route=\/wp\/v2\/product\/298449","targetHints":{"allow":["GET"]}}],"collection":[{"href":"https:\/\/amazonyguyane.fr\/index.php?rest_route=\/wp\/v2\/product"}],"about":[{"href":"https:\/\/amazonyguyane.fr\/index.php?rest_route=\/wp\/v2\/types\/product"}],"replies":[{"embeddable":true,"href":"https:\/\/amazonyguyane.fr\/index.php?rest_route=%2Fwp%2Fv2%2Fcomments&post=298449"}],"version-history":[{"count":0,"href":"https:\/\/amazonyguyane.fr\/index.php?rest_route=\/wp\/v2\/product\/298449\/revisions"}],"wp:featuredmedia":[{"embeddable":true,"href":"https:\/\/amazonyguyane.fr\/index.php?rest_route=\/wp\/v2\/media\/298450"}],"wp:attachment":[{"href":"https:\/\/amazonyguyane.fr\/index.php?rest_route=%2Fwp%2Fv2%2Fmedia&parent=298449"}],"wp:term":[{"taxonomy":"product_brand","embeddable":true,"href":"https:\/\/amazonyguyane.fr\/index.php?rest_route=%2Fwp%2Fv2%2Fproduct_brand&post=298449"},{"taxonomy":"product_cat","embeddable":true,"href":"https:\/\/amazonyguyane.fr\/index.php?rest_route=%2Fwp%2Fv2%2Fproduct_cat&post=298449"},{"taxonomy":"product_tag","embeddable":true,"href":"https:\/\/amazonyguyane.fr\/index.php?rest_route=%2Fwp%2Fv2%2Fproduct_tag&post=298449"}],"curies":[{"name":"wp","href":"https:\/\/api.w.org\/{rel}","templated":true}]}}