{"id":298651,"date":"2023-10-06T17:12:24","date_gmt":"2023-10-06T16:12:24","guid":{"rendered":"https:\/\/amazonyguyane.fr\/?product=leg-avenuefemme-uaa2164-2628-masque-lapin-fa-on-bal-masqu-noir-taille-unique-eur-34-38-noir-taille-unique-eu"},"modified":"2023-10-06T17:12:24","modified_gmt":"2023-10-06T16:12:24","slug":"leg-avenuefemme-uaa2164-2628-masque-lapin-fa-on-bal-masqu-noir-taille-unique-eur-34-38-noir-taille-unique-eu","status":"publish","type":"product","link":"https:\/\/amazonyguyane.fr\/produit\/leg-avenuefemme-uaa2164-2628-masque-lapin-fa-on-bal-masqu-noir-taille-unique-eur-34-38-noir-taille-unique-eu\/","title":{"rendered":"Leg AvenueFemme Uaa2164 2628 Masque Lapin Fa on Bal Masqu Noir Taille Unique EUR 34 38, Noir, Taille unique EU"},"content":{"rendered":"<p><!-- show up to 2 reviews by default -->                <\/p>\n<h3> <span>Description du produit<\/span> <\/h3>\n<p> <span>Masque Lapin Fa\u00e7on Bal Masqu\u00e9. Lingerie qui met parfaitement en valeur le corps f\u00e9minin pour un fitting irr\u00e9prochable. Taille Unique (EUR 34-38). Lavage \u00e0 main. Saint-Valentin, F\u00eate, Cadeau De Mariage, Fian\u00e7ailles et Mariage etc.<\/span>  <\/p>\n<h3> <span>Contenu du coffret<\/span> <\/h3>\n<p> <span>Duvet cover and two pillowcases<\/span>  <\/p>\n<p>Production interrompue par le fabricant                                     \u200f                                          :                                     \u200e  Non          Langue                                     \u200f                                          :                                     \u200e  Anglais, Anglais, Anglais, Anglais                Code UNSPSC  :  46182001 (Masques ou accessoires) Signaler un code incorrect              Dimensions du produit (L x l x h)                                     \u200f                                          :                                     \u200e  30 x 20 x 5 cm; 50 grammes          Date de mise en ligne sur Amazon.fr                                     \u200f                                          :                                     \u200e  17 avril 2013                                  Fabricant                                     \u200f                                          :                                     \u200e  Leg Avenue Inc.          ASIN                                     \u200f                                          :                                     \u200e  B00C1UWKCS          Num\u00e9ro du mod\u00e8le de l&#8217;article                                     \u200f                                          :                                     \u200e  2628-00122          Pays d&#8217;origine                                     \u200f                                          :                                     \u200e  Chine          Service                                     \u200f                                          :                                     \u200e  Femme<\/p>\n","protected":false},"excerpt":{"rendered":"<p>Description du produit Masque Lapin Fa\u00e7on Bal Masqu\u00e9. Lingerie qui met parfaitement en valeur le corps f\u00e9minin pour un fitting irr\u00e9prochable. Taille Unique (EUR 34-38). Lavage \u00e0 main. Saint-Valentin, F\u00eate,<\/p>\n","protected":false},"featured_media":298652,"comment_status":"","ping_status":"closed","template":"","meta":{"_acf_changed":false},"product_brand":[],"product_cat":[1109],"product_tag":[],"class_list":{"0":"post-298651","1":"product","2":"type-product","3":"status-publish","4":"has-post-thumbnail","6":"product_cat-masques-femmes","8":"first","9":"instock","10":"taxable","11":"shipping-taxable","12":"purchasable","13":"product-type-simple","14":"add-to-wishlist-after_add_to_cart"},"acf":[],"_links":{"self":[{"href":"https:\/\/amazonyguyane.fr\/wp-json\/wp\/v2\/product\/298651","targetHints":{"allow":["GET"]}}],"collection":[{"href":"https:\/\/amazonyguyane.fr\/wp-json\/wp\/v2\/product"}],"about":[{"href":"https:\/\/amazonyguyane.fr\/wp-json\/wp\/v2\/types\/product"}],"replies":[{"embeddable":true,"href":"https:\/\/amazonyguyane.fr\/wp-json\/wp\/v2\/comments?post=298651"}],"version-history":[{"count":0,"href":"https:\/\/amazonyguyane.fr\/wp-json\/wp\/v2\/product\/298651\/revisions"}],"wp:featuredmedia":[{"embeddable":true,"href":"https:\/\/amazonyguyane.fr\/wp-json\/wp\/v2\/media\/298652"}],"wp:attachment":[{"href":"https:\/\/amazonyguyane.fr\/wp-json\/wp\/v2\/media?parent=298651"}],"wp:term":[{"taxonomy":"product_brand","embeddable":true,"href":"https:\/\/amazonyguyane.fr\/wp-json\/wp\/v2\/product_brand?post=298651"},{"taxonomy":"product_cat","embeddable":true,"href":"https:\/\/amazonyguyane.fr\/wp-json\/wp\/v2\/product_cat?post=298651"},{"taxonomy":"product_tag","embeddable":true,"href":"https:\/\/amazonyguyane.fr\/wp-json\/wp\/v2\/product_tag?post=298651"}],"curies":[{"name":"wp","href":"https:\/\/api.w.org\/{rel}","templated":true}]}}