{"id":301480,"date":"2023-10-07T14:44:21","date_gmt":"2023-10-07T13:44:21","guid":{"rendered":"https:\/\/amazonyguyane.fr\/?product=manahia-mug-voisin-merci-detre-un-voisin-au-top-imprime-en-france-330-ml-en-ceramique-cadeau-voisin-fete-des-voisins-mug-merci-tasse-voisin-cremaillere"},"modified":"2023-10-07T14:44:21","modified_gmt":"2023-10-07T13:44:21","slug":"manahia-mug-voisin-merci-detre-un-voisin-au-top-imprime-en-france-330-ml-en-ceramique-cadeau-voisin-fete-des-voisins-mug-merci-tasse-voisin-cremaillere","status":"publish","type":"product","link":"https:\/\/amazonyguyane.fr\/produit\/manahia-mug-voisin-merci-detre-un-voisin-au-top-imprime-en-france-330-ml-en-ceramique-cadeau-voisin-fete-des-voisins-mug-merci-tasse-voisin-cremaillere\/","title":{"rendered":"Manahia Mug voisin &#8211; Merci d\u2019\u00eatre un Voisin au Top &#8211; Imprim\u00e9 en France &#8211; 330 mL en C\u00e9ramique &#8211; Cadeau Voisin &#8211; F\u00eate des Voisins &#8211; Mug Merci &#8211; Tasse Voisin &#8211; Cr\u00e9maill\u00e8re"},"content":{"rendered":"<li class=\"a-spacing-mini\"><span class=\"a-list-item\"> QUALITE DURABLE. Nos mugs Manahia ont \u00e9t\u00e9 s\u00e9lectionn\u00e9s pour leur c\u00e9ramique de haute qualit\u00e9 afin d&#8217;apporter la r\u00e9sistance n\u00e9cessaire dans le temps face aux \u00e9clats et aux rayures. Votre voisin pourra l&#8217;utiliser tous les jours avec toujours la m\u00eame \u00e9motion et une petite pens\u00e9e pour vous.  <\/span><\/li>\n<li class=\"a-spacing-mini\"><span class=\"a-list-item\"> IMPRIME EN FRANCE. La sublimation dans notre atelier nous permet de s\u00e9lectionner avec soin chaque mug pour une qualit\u00e9 constante. Manahia est une petite marque fran\u00e7aise qui con\u00e7oit de jolis articles dans le but de cr\u00e9er de belles \u00e9motions.  <\/span><\/li>\n<li class=\"a-spacing-mini\"><span class=\"a-list-item\"> PRATIQUE. Nos mugs Manahia sont compatibles avec le micro-ondes et le lave-vaisselle, ce qui signifie que vous pouvez les utiliser facilement et en toute s\u00e9curit\u00e9, sans perdre de temps \u00e0 les laver \u00e0 la main. Un atout qui plaira \u00e0 coup s\u00fbr!  <\/span><\/li>\n<li class=\"a-spacing-mini\"><span class=\"a-list-item\"> JOLIE BOITE KRAFT. Livr\u00e9 dans une jolie boite en kraft chaque mug Manahia est joliment emball\u00e9, pr\u00eat \u00e0 faire son petit effet. Ce cadeau est parfait pour dire merci \u00e0 votre voisin \u00e0 l&#8217;occasion d&#8217;un service rendu ou simplement pour lui faire plaisir.  <\/span><\/li>\n<li class=\"a-spacing-mini\"><span class=\"a-list-item\"> COUP DE COEUR. Avec une taille de 8,00 cm de diam\u00e8tre, 9,50 cm de hauteur et une contenance de 33 cl (330 ml), ce mug est la taille id\u00e9ale pour une tasse de caf\u00e9 ou de th\u00e9. Votre voisin adorera savourer ses boissons chaudes ce qui en fera sa tasse pr\u00e9f\u00e9r\u00e9e.  <\/span><\/li>\n<p>Code UNSPSC  :  48101905 (Tasses ou bols de table) Signaler un code incorrect              Dimensions du produit (L x l x h)                                     \u200f                                          :                                     \u200e  9 x 12 x 10 cm; 370 grammes          Fabricant                                     \u200f                                          :                                     \u200e  Manahia          ASIN                                     \u200f                                          :                                     \u200e  B07XK93D26          Origine                                     \u200f                                          :                                     \u200e  France<\/p>\n","protected":false},"excerpt":{"rendered":"<p>QUALITE DURABLE. Nos mugs Manahia ont \u00e9t\u00e9 s\u00e9lectionn\u00e9s pour leur c\u00e9ramique de haute qualit\u00e9 afin d&#8217;apporter la r\u00e9sistance n\u00e9cessaire dans le temps face aux \u00e9clats et aux rayures. Votre voisin<\/p>\n","protected":false},"featured_media":301481,"comment_status":"","ping_status":"closed","template":"","meta":{"_acf_changed":false},"product_brand":[],"product_cat":[79565],"product_tag":[],"class_list":{"0":"post-301480","1":"product","2":"type-product","3":"status-publish","4":"has-post-thumbnail","6":"product_cat-imprimante-mugs","8":"first","9":"instock","10":"taxable","11":"shipping-taxable","12":"purchasable","13":"product-type-simple","14":"add-to-wishlist-after_add_to_cart"},"acf":[],"_links":{"self":[{"href":"https:\/\/amazonyguyane.fr\/wp-json\/wp\/v2\/product\/301480","targetHints":{"allow":["GET"]}}],"collection":[{"href":"https:\/\/amazonyguyane.fr\/wp-json\/wp\/v2\/product"}],"about":[{"href":"https:\/\/amazonyguyane.fr\/wp-json\/wp\/v2\/types\/product"}],"replies":[{"embeddable":true,"href":"https:\/\/amazonyguyane.fr\/wp-json\/wp\/v2\/comments?post=301480"}],"version-history":[{"count":0,"href":"https:\/\/amazonyguyane.fr\/wp-json\/wp\/v2\/product\/301480\/revisions"}],"wp:featuredmedia":[{"embeddable":true,"href":"https:\/\/amazonyguyane.fr\/wp-json\/wp\/v2\/media\/301481"}],"wp:attachment":[{"href":"https:\/\/amazonyguyane.fr\/wp-json\/wp\/v2\/media?parent=301480"}],"wp:term":[{"taxonomy":"product_brand","embeddable":true,"href":"https:\/\/amazonyguyane.fr\/wp-json\/wp\/v2\/product_brand?post=301480"},{"taxonomy":"product_cat","embeddable":true,"href":"https:\/\/amazonyguyane.fr\/wp-json\/wp\/v2\/product_cat?post=301480"},{"taxonomy":"product_tag","embeddable":true,"href":"https:\/\/amazonyguyane.fr\/wp-json\/wp\/v2\/product_tag?post=301480"}],"curies":[{"name":"wp","href":"https:\/\/api.w.org\/{rel}","templated":true}]}}