{"id":301520,"date":"2023-10-07T14:45:10","date_gmt":"2023-10-07T13:45:10","guid":{"rendered":"https:\/\/amazonyguyane.fr\/?product=creworks-presse-a-chaud-amelioree-presse-chaude-a-sublimation-multifonctionnelle-presse-a-transfert-pour-t-shirt-sacs-tasses-coussins-30x38cm-8-en-1"},"modified":"2023-10-07T14:45:10","modified_gmt":"2023-10-07T13:45:10","slug":"creworks-presse-a-chaud-amelioree-presse-chaude-a-sublimation-multifonctionnelle-presse-a-transfert-pour-t-shirt-sacs-tasses-coussins-30x38cm-8-en-1","status":"publish","type":"product","link":"https:\/\/amazonyguyane.fr\/produit\/creworks-presse-a-chaud-amelioree-presse-chaude-a-sublimation-multifonctionnelle-presse-a-transfert-pour-t-shirt-sacs-tasses-coussins-30x38cm-8-en-1\/","title":{"rendered":"CREWORKS Presse \u00e0 Chaud Am\u00e9lior\u00e9e, Presse Chaude \u00e0 Sublimation Multifonctionnelle, Presse \u00e0 Transfert pour T-shirt, Sacs, Tasses, Coussins (30x38CM; 8 EN 1)"},"content":{"rendered":"<li class=\"a-spacing-mini\"><span class=\"a-list-item\"> PRESSE CHAUD 8 EN 1 : Cette presse \u00e0 chaud professionnelle dispose d&#8217;un grand espace de travail de 30,5 x 38,1 cm pour donner vie \u00e0 vos cr\u00e9ations sur des t-shirts, tapis de souris, sacs fourre-tout et autres articles plats ; Les accessoires fournis vous permettront m\u00eame de transf\u00e9rer vos \u0153uvres d&#8217;art sur des surfaces courbes, telles que des tasses, des tasses, des chapeaux, des assiettes, et plus encore !  <\/span><\/li>\n<li class=\"a-spacing-mini\"><span class=\"a-list-item\"> CONTR\u00d4LE INTUITIF : Notre presse fournit une \u00e9norme puissance de chauffage de 1000 W pour atteindre jusqu&#8217;\u00e0 250 \u00b0C (480 \u00b0F), offre des r\u00e9glages de temps jusqu&#8217;\u00e0 999 secondes (16,7 minutes) et donne \u00e0 votre plateau une rotation compl\u00e8te \u00e0 360 degr\u00e9s pour votre commodit\u00e9. .  <\/span><\/li>\n<li class=\"a-spacing-mini\"><span class=\"a-list-item\"> FACILE \u00c0 UTILISER : Pr\u00e9parez votre produit et votre design, chauffez le plateau, appuyez dessus et utilisez le compte \u00e0 rebours de l&#8217;\u00e9cran LCD pour savoir quand soulever et tourner ; Le plateau \u00e9pais utilise un double \u00e9l\u00e9ment chauffant pour que vous puissiez profiter d&#8217;un chauffage plus rapide et plus uniforme \u00e0 chaque fois ; Inclus sont 2 t-shirts taille unique et 4 feuilles de d\u00e9calcomanies pour que vous puissiez commencer imm\u00e9diatement.  <\/span><\/li>\n<li class=\"a-spacing-mini\"><span class=\"a-list-item\"> S\u00c9CURIT\u00c9 FIABLE : Non seulement elle est certifi\u00e9e FCC et CE, mais la plaque en aluminium de notre presse \u00e0 chaud est recouverte d&#8217;un compos\u00e9 de fibre de verre en nylon r\u00e9sistant \u00e0 la temp\u00e9rature ; la conception \u00e0 rabat emp\u00eache les br\u00fblures accidentelles pendant l&#8217;utilisation ; Et notre presse utilise \u00e9galement un disjoncteur int\u00e9gr\u00e9 pour assurer la s\u00e9curit\u00e9 \u00e9lectrique pendant que vous vous concentrez sur votre art.  <\/span><\/li>\n<li class=\"a-spacing-mini\"><span class=\"a-list-item\"> CADEAU ID\u00c9AL : En plus de travailler sur vos propres cr\u00e9ations, cette presse \u00e0 chaud puissante mais facile \u00e0 utiliser est \u00e9galement un excellent cadeau pour encourager un artiste dans votre vie, leur permettant de cr\u00e9er facilement et en toute s\u00e9curit\u00e9 leurs propres cadeaux et produits portables ; Commandez la machine d\u00e8s aujourd&#8217;hui et commencez \u00e0 cr\u00e9er facilement et en toute s\u00e9curit\u00e9 vos propres cadeaux et produits portables !  <\/span><\/li>\n<p><\/p>\n","protected":false},"excerpt":{"rendered":"<p>PRESSE CHAUD 8 EN 1 : Cette presse \u00e0 chaud professionnelle dispose d&#8217;un grand espace de travail de 30,5 x 38,1 cm pour donner vie \u00e0 vos cr\u00e9ations sur des<\/p>\n","protected":false},"featured_media":301521,"comment_status":"","ping_status":"closed","template":"","meta":{"_acf_changed":false},"product_brand":[],"product_cat":[79565],"product_tag":[],"class_list":{"0":"post-301520","1":"product","2":"type-product","3":"status-publish","4":"has-post-thumbnail","6":"product_cat-imprimante-mugs","8":"first","9":"instock","10":"taxable","11":"shipping-taxable","12":"purchasable","13":"product-type-simple","14":"add-to-wishlist-after_add_to_cart"},"acf":[],"_links":{"self":[{"href":"https:\/\/amazonyguyane.fr\/wp-json\/wp\/v2\/product\/301520","targetHints":{"allow":["GET"]}}],"collection":[{"href":"https:\/\/amazonyguyane.fr\/wp-json\/wp\/v2\/product"}],"about":[{"href":"https:\/\/amazonyguyane.fr\/wp-json\/wp\/v2\/types\/product"}],"replies":[{"embeddable":true,"href":"https:\/\/amazonyguyane.fr\/wp-json\/wp\/v2\/comments?post=301520"}],"version-history":[{"count":0,"href":"https:\/\/amazonyguyane.fr\/wp-json\/wp\/v2\/product\/301520\/revisions"}],"wp:featuredmedia":[{"embeddable":true,"href":"https:\/\/amazonyguyane.fr\/wp-json\/wp\/v2\/media\/301521"}],"wp:attachment":[{"href":"https:\/\/amazonyguyane.fr\/wp-json\/wp\/v2\/media?parent=301520"}],"wp:term":[{"taxonomy":"product_brand","embeddable":true,"href":"https:\/\/amazonyguyane.fr\/wp-json\/wp\/v2\/product_brand?post=301520"},{"taxonomy":"product_cat","embeddable":true,"href":"https:\/\/amazonyguyane.fr\/wp-json\/wp\/v2\/product_cat?post=301520"},{"taxonomy":"product_tag","embeddable":true,"href":"https:\/\/amazonyguyane.fr\/wp-json\/wp\/v2\/product_tag?post=301520"}],"curies":[{"name":"wp","href":"https:\/\/api.w.org\/{rel}","templated":true}]}}