{"id":305098,"date":"2023-10-07T17:03:27","date_gmt":"2023-10-07T16:03:27","guid":{"rendered":"https:\/\/amazonyguyane.fr\/?product=apple-macbook-pro-15-2"},"modified":"2023-10-07T17:03:27","modified_gmt":"2023-10-07T16:03:27","slug":"apple-macbook-pro-15-2","status":"publish","type":"product","link":"https:\/\/amazonyguyane.fr\/produit\/apple-macbook-pro-15-2\/","title":{"rendered":"Apple MacBook Pro 15"},"content":{"rendered":"<p><!-- show up to 2 reviews by default -->                        <\/p>\n<p> <span>&#8220;Fiche technique sur MacBook Pro 15&#8243;&#8221; Retina Core i7 2,2 GHz &#8211; SSD 256 Go RAM 16 Go AZERTY Date de sortie : Mai 2015 Langue clavier : Fran\u00e7ais Type de clavier : AZERTY Taille \u00e9cran (pouces) : 15,4 Format de l&#8217;\u00e9cran : 16:9 R\u00e9solution : 2880&#215;1800 Capacit\u00e9 de stockage (Go) : 256 M\u00e9moire (Go) : 16 Type de stockage : SSD Touch Bar : Non Retina : Oui Type d&#8217;\u00e9cran : LED Bluetooth : Oui Webcam : Oui Microphone : Oui Capacit\u00e9 de stockage SSD (Go) : 256 Mod\u00e8le : MacBook Pro Vitesse du processeur (GHz) : 2,2 Marque du processeur : Intel Type du processeur : Core i7 Nom de la Carte Graphique : INTEL IRIS PRO 1536 Syst\u00e8me d&#8217;exploitation : macOS \u00c9cran tactile : Non Clavier r\u00e9tro\u00e9clair\u00e9 : Oui Couleur : Argent Vitesse de rotation (tr\/min) : 5400 Interface du disque dur : Proprietary* (PCIe 2.0 x4) Type m\u00e9moire : DDR3L SDRAM Fr\u00e9quence m\u00e9moire (MHz) : 1600 Nombre de barrettes m\u00e9moire : 2 Taille de m\u00e9moire max (Go) : 16 Nombre de coeurs : 4 Nom du chipset : Intel HD Graphics 530 Taille m\u00e9moire vid\u00e9o (Go) : 1.5 Type m\u00e9moire vid\u00e9o : Integr\u00e9 Contraste : 900:1 Traitement antireflet : Oui Connecteur : MagSafe 2; Thunderbolt 2; USB 3; HDMI; Prise casque R\u00e9seau : Wi-Fi 802.11ac3 ; IEEE 802.11a\/b\/g\/n ; Bluetooth 4.0 Pav\u00e9 num\u00e9rique : Non Lecteur de cartes : SDXC R\u00e9f\u00e9rence constructeur : A1398 : Mac OS Ann\u00e9e de Sortie : 2015 Compatible derni\u00e8re mise \u00e0 jour : Oui Usage : Usage intermediaire Type et langue du clavier : AZERTY &#8211; Fran\u00e7ais Processeur : Core i7 Marque : Apple Poids (g) : 2050&#8243;<\/span>  <\/p>\n<p><\/p>\n","protected":false},"excerpt":{"rendered":"<p>&#8220;Fiche technique sur MacBook Pro 15&#8243;&#8221; Retina Core i7 2,2 GHz &#8211; SSD 256 Go RAM 16 Go AZERTY Date de sortie : Mai 2015 Langue clavier : Fran\u00e7ais Type<\/p>\n","protected":false},"featured_media":305101,"comment_status":"","ping_status":"closed","template":"","meta":{"_acf_changed":false},"product_brand":[],"product_cat":[75425],"product_tag":[],"class_list":{"0":"post-305098","1":"product","2":"type-product","3":"status-publish","4":"has-post-thumbnail","6":"product_cat-pc-apple","8":"first","9":"instock","10":"taxable","11":"shipping-taxable","12":"purchasable","13":"product-type-simple","14":"add-to-wishlist-after_add_to_cart"},"acf":[],"_links":{"self":[{"href":"https:\/\/amazonyguyane.fr\/wp-json\/wp\/v2\/product\/305098","targetHints":{"allow":["GET"]}}],"collection":[{"href":"https:\/\/amazonyguyane.fr\/wp-json\/wp\/v2\/product"}],"about":[{"href":"https:\/\/amazonyguyane.fr\/wp-json\/wp\/v2\/types\/product"}],"replies":[{"embeddable":true,"href":"https:\/\/amazonyguyane.fr\/wp-json\/wp\/v2\/comments?post=305098"}],"version-history":[{"count":0,"href":"https:\/\/amazonyguyane.fr\/wp-json\/wp\/v2\/product\/305098\/revisions"}],"wp:featuredmedia":[{"embeddable":true,"href":"https:\/\/amazonyguyane.fr\/wp-json\/wp\/v2\/media\/305101"}],"wp:attachment":[{"href":"https:\/\/amazonyguyane.fr\/wp-json\/wp\/v2\/media?parent=305098"}],"wp:term":[{"taxonomy":"product_brand","embeddable":true,"href":"https:\/\/amazonyguyane.fr\/wp-json\/wp\/v2\/product_brand?post=305098"},{"taxonomy":"product_cat","embeddable":true,"href":"https:\/\/amazonyguyane.fr\/wp-json\/wp\/v2\/product_cat?post=305098"},{"taxonomy":"product_tag","embeddable":true,"href":"https:\/\/amazonyguyane.fr\/wp-json\/wp\/v2\/product_tag?post=305098"}],"curies":[{"name":"wp","href":"https:\/\/api.w.org\/{rel}","templated":true}]}}