{"id":306026,"date":"2023-10-07T17:39:51","date_gmt":"2023-10-07T16:39:51","guid":{"rendered":"https:\/\/amazonyguyane.fr\/?product=hp-victus-15-fa0005sf-pc-portable-gaming-15-6"},"modified":"2023-10-07T17:40:17","modified_gmt":"2023-10-07T16:40:17","slug":"hp-victus-15-fa0005sf-pc-portable-gaming-15-6","status":"publish","type":"product","link":"https:\/\/amazonyguyane.fr\/produit\/hp-victus-15-fa0005sf-pc-portable-gaming-15-6\/","title":{"rendered":"HP Victus 15-fa0005sf PC Portable Gaming 15.6"},"content":{"rendered":"<p><!-- show up to 2 reviews by default -->                        <\/p>\n<p> <span>La puissance sur portable digne d\u2019un ordinateur de bureau. L\u2019ordinateur portable HP Victus est con\u00e7u pour les performances de gaming les plus intenses. Cet ordinateur \u00e9l\u00e9gant met en avant la puissance du processeur Intel\u00ae Core\u2122 12e g\u00e9n\u00e9ration[1] et de la carte graphique moderne. Du design jusqu\u2019au hardware, cet ordinateur portable offre des atouts ph\u00e9nom\u00e9naux avec plusieurs options de couleur[2], un syst\u00e8me thermique moderne, un clavier de gaming tout-en-un, ainsi qu\u2019une cam\u00e9ra HD dot\u00e9e de la r\u00e9duction du bruit temporel.<\/span>  <\/p>\n<p><\/p>\n","protected":false},"excerpt":{"rendered":"<p>La puissance sur portable digne d\u2019un ordinateur de bureau. L\u2019ordinateur portable HP Victus est con\u00e7u pour les performances de gaming les plus intenses. Cet ordinateur \u00e9l\u00e9gant met en avant la<\/p>\n","protected":false},"featured_media":306027,"comment_status":"","ping_status":"closed","template":"","meta":{"_acf_changed":false},"product_brand":[],"product_cat":[75446],"product_tag":[],"class_list":{"0":"post-306026","1":"product","2":"type-product","3":"status-publish","4":"has-post-thumbnail","6":"product_cat-hp","8":"first","9":"instock","10":"taxable","11":"shipping-taxable","12":"purchasable","13":"product-type-variable","14":"add-to-wishlist-after_add_to_cart"},"acf":[],"_links":{"self":[{"href":"https:\/\/amazonyguyane.fr\/wp-json\/wp\/v2\/product\/306026","targetHints":{"allow":["GET"]}}],"collection":[{"href":"https:\/\/amazonyguyane.fr\/wp-json\/wp\/v2\/product"}],"about":[{"href":"https:\/\/amazonyguyane.fr\/wp-json\/wp\/v2\/types\/product"}],"replies":[{"embeddable":true,"href":"https:\/\/amazonyguyane.fr\/wp-json\/wp\/v2\/comments?post=306026"}],"version-history":[{"count":0,"href":"https:\/\/amazonyguyane.fr\/wp-json\/wp\/v2\/product\/306026\/revisions"}],"wp:featuredmedia":[{"embeddable":true,"href":"https:\/\/amazonyguyane.fr\/wp-json\/wp\/v2\/media\/306027"}],"wp:attachment":[{"href":"https:\/\/amazonyguyane.fr\/wp-json\/wp\/v2\/media?parent=306026"}],"wp:term":[{"taxonomy":"product_brand","embeddable":true,"href":"https:\/\/amazonyguyane.fr\/wp-json\/wp\/v2\/product_brand?post=306026"},{"taxonomy":"product_cat","embeddable":true,"href":"https:\/\/amazonyguyane.fr\/wp-json\/wp\/v2\/product_cat?post=306026"},{"taxonomy":"product_tag","embeddable":true,"href":"https:\/\/amazonyguyane.fr\/wp-json\/wp\/v2\/product_tag?post=306026"}],"curies":[{"name":"wp","href":"https:\/\/api.w.org\/{rel}","templated":true}]}}