{"id":306176,"date":"2023-10-07T17:43:11","date_gmt":"2023-10-07T16:43:11","guid":{"rendered":"https:\/\/amazonyguyane.fr\/?product=hp-elitebook-830-g5-133"},"modified":"2023-10-07T17:43:11","modified_gmt":"2023-10-07T16:43:11","slug":"hp-elitebook-830-g5-133","status":"publish","type":"product","link":"https:\/\/amazonyguyane.fr\/produit\/hp-elitebook-830-g5-133\/","title":{"rendered":"HP EliteBook 830 G5 13,3"},"content":{"rendered":"<p><!-- show up to 2 reviews by default -->                        <\/p>\n<p><span>Mod\u00e8le : HP Elitebook 830 G5 <\/span><\/p>\n<p><span>Design : ordinateur portable de 13,3&#8243; <\/span><\/p>\n<p><span>Cat\u00e9gorie : r\u00e9nov\u00e9 &#8211; Appareil d&#8217;occasion reconditionn\u00e9 &#8211; Certifi\u00e9 Reconditionn\u00e9 Renewed <\/span><\/p>\n<p><span>\u00c9tat : 1 choix, remanufactur\u00e9 professionnellement (reconditionn\u00e9), techniquement irr\u00e9prochable, test\u00e9, nettoy\u00e9, bon \u00e9tat optique. <\/span><\/p>\n<p><span>Couleur : argent\u00e9\/noir. <\/span><\/p>\n<p><span>\u00c9cran : 13,3 pouces Full HD IPS LED TFT mat r\u00e9solution 1920 x 1080 <\/span><\/p>\n<p><span>Processeur : Intel Quad Core i5 8250U 4 x 1,60 GHz, jusqu&#8217;\u00e0 4 x 3,40 GHz <\/span><\/p>\n<p><span>Disque dur : SSD 256 Go &#8211; Disque SSD <\/span><\/p>\n<p><span>M\u00e9moire RAM : DDR4 8 Go <\/span><\/p>\n<p><span>Lecteur : sans lecteur optique car Ultrabook peut \u00eatre compl\u00e9t\u00e9 \u00e0 tout moment par un lecteur externe. <\/span><\/p>\n<p><span>R\u00e9seau : Gigabit Ethernet LAN. <\/span><\/p>\n<p><span>LAN sans fil : Wi-Fi AC <\/span><\/p>\n<p><span>Webcam : oui. <\/span><\/p>\n<p><span>Interfaces : 2 x USB 3.1, 1 x USB 3.1 (Type-C), HDMI 1.4, Audio E\/A, station d&#8217;accueil. <\/span><\/p>\n<p><span>Logiciel : Microsoft Windows 11 Pro 64 bits avec licence &#8211; pr\u00e9install\u00e9 et enti\u00e8rement configur\u00e9 (cl\u00e9 de licence Microsoft d&#8217;origine enregistr\u00e9e en toute s\u00e9curit\u00e9 dans le syst\u00e8me ou la carte m\u00e8re). <\/span><\/p>\n<p><span>Garantie : 24 mois <\/span><\/p>\n<p><span>Remarque : qualit\u00e9 de la marque it-Versand-com. <\/span><\/p>\n<p><span>Remarque : excellente qualit\u00e9 \u2714 Livraison rapide \u2714 droit de retour de 30 jours. <\/span><\/p>\n<\/p>\n<p><\/p>\n","protected":false},"excerpt":{"rendered":"<p>Mod\u00e8le : HP Elitebook 830 G5 Design : ordinateur portable de 13,3&#8243; Cat\u00e9gorie : r\u00e9nov\u00e9 &#8211; Appareil d&#8217;occasion reconditionn\u00e9 &#8211; Certifi\u00e9 Reconditionn\u00e9 Renewed \u00c9tat : 1 choix, remanufactur\u00e9 professionnellement (reconditionn\u00e9),<\/p>\n","protected":false},"featured_media":306177,"comment_status":"","ping_status":"closed","template":"","meta":{"_acf_changed":false},"product_brand":[],"product_cat":[75446],"product_tag":[],"class_list":{"0":"post-306176","1":"product","2":"type-product","3":"status-publish","4":"has-post-thumbnail","6":"product_cat-hp","8":"first","9":"instock","10":"taxable","11":"shipping-taxable","12":"purchasable","13":"product-type-simple","14":"add-to-wishlist-after_add_to_cart"},"acf":[],"_links":{"self":[{"href":"https:\/\/amazonyguyane.fr\/wp-json\/wp\/v2\/product\/306176","targetHints":{"allow":["GET"]}}],"collection":[{"href":"https:\/\/amazonyguyane.fr\/wp-json\/wp\/v2\/product"}],"about":[{"href":"https:\/\/amazonyguyane.fr\/wp-json\/wp\/v2\/types\/product"}],"replies":[{"embeddable":true,"href":"https:\/\/amazonyguyane.fr\/wp-json\/wp\/v2\/comments?post=306176"}],"version-history":[{"count":0,"href":"https:\/\/amazonyguyane.fr\/wp-json\/wp\/v2\/product\/306176\/revisions"}],"wp:featuredmedia":[{"embeddable":true,"href":"https:\/\/amazonyguyane.fr\/wp-json\/wp\/v2\/media\/306177"}],"wp:attachment":[{"href":"https:\/\/amazonyguyane.fr\/wp-json\/wp\/v2\/media?parent=306176"}],"wp:term":[{"taxonomy":"product_brand","embeddable":true,"href":"https:\/\/amazonyguyane.fr\/wp-json\/wp\/v2\/product_brand?post=306176"},{"taxonomy":"product_cat","embeddable":true,"href":"https:\/\/amazonyguyane.fr\/wp-json\/wp\/v2\/product_cat?post=306176"},{"taxonomy":"product_tag","embeddable":true,"href":"https:\/\/amazonyguyane.fr\/wp-json\/wp\/v2\/product_tag?post=306176"}],"curies":[{"name":"wp","href":"https:\/\/api.w.org\/{rel}","templated":true}]}}