{"id":306507,"date":"2023-10-07T18:24:15","date_gmt":"2023-10-07T17:24:15","guid":{"rendered":"https:\/\/amazonyguyane.fr\/?product=lenovo-thinkpad-t470-14"},"modified":"2023-10-07T18:24:15","modified_gmt":"2023-10-07T17:24:15","slug":"lenovo-thinkpad-t470-14","status":"publish","type":"product","link":"https:\/\/amazonyguyane.fr\/?product=lenovo-thinkpad-t470-14","title":{"rendered":"Lenovo ThinkPad T470 14"},"content":{"rendered":"<p><!-- show up to 2 reviews by default -->                        <\/p>\n<p> <span>Mod\u00e8le : Lenovo ThinkPad T470 Design : Ordinateur portable haut de gamme &#8211; Ultrabook &#8211; Ordinateur portable &#8211; 14 pouces Cat\u00e9gorie : Reconditionn\u00e9 &#8211; Produit reconditionn\u00e9 &#8211; Test\u00e9 et reconditionn\u00e9 \u00c9tat : 1 choix, reconditionn\u00e9 professionnellement (reconditionn\u00e9), techniquement irr\u00e9prochable, test\u00e9, nettoy\u00e9, bon \u00e9tat optique Couleur : noir \u00c9cran : 14 pouces Full HD IPS TFT, mat, r\u00e9solution 1920 x 1080 Processeur : Intel Core i5 7200U 2 x 2,50 GHz, jusqu&#8217;\u00e0 2 x 3,10 GHz Disque dur : 256 Go SSD &#8211; Disque dur SSD &#8211; M\u00e9moire vive : 8 Go DDR4 &#8211; Lecteur : sans lecteur optique car Ultrabook, peut \u00eatre compl\u00e9t\u00e9 \u00e0 tout moment par un lecteur externe &#8211; R\u00e9seau : Gigabit Ethernet LAN LAN sans fil : W-L. Webcam AC : oui. Interfaces : 3 x USB 3.0, 1 x USB 3.1 (USB-C \/ Thunderbolt), 1 x HDMI, 1 x Mini DisplayPort, 1 x port d&#8217;accueil, 1 x logiciel audio : Microsoft Windows 11 Home 64 bits avec licence \u2013 pr\u00e9install\u00e9 et enti\u00e8rement configur\u00e9 (cl\u00e9 de licence Microsoft d&#8217;origine stock\u00e9e en toute s\u00e9curit\u00e9 dans le syst\u00e8me ou la carte m\u00e8re). Remarque : marque de qualit\u00e9. Le meilleur prix de it-versand-com Remarque: Top Prix Top Qualit\u00e9 Exp\u00e9dition rapide 30 jours Politique de retour<\/span>  <\/p>\n<p><\/p>\n","protected":false},"excerpt":{"rendered":"<p>Mod\u00e8le : Lenovo ThinkPad T470 Design : Ordinateur portable haut de gamme &#8211; Ultrabook &#8211; Ordinateur portable &#8211; 14 pouces Cat\u00e9gorie : Reconditionn\u00e9 &#8211; Produit reconditionn\u00e9 &#8211; Test\u00e9 et reconditionn\u00e9<\/p>\n","protected":false},"featured_media":306509,"comment_status":"","ping_status":"closed","template":"","meta":{"_acf_changed":false},"product_brand":[],"product_cat":[75435],"product_tag":[],"class_list":{"0":"post-306507","1":"product","2":"type-product","3":"status-publish","4":"has-post-thumbnail","6":"product_cat-lenovo","8":"first","9":"instock","10":"taxable","11":"shipping-taxable","12":"purchasable","13":"product-type-simple","14":"add-to-wishlist-after_add_to_cart"},"acf":[],"_links":{"self":[{"href":"https:\/\/amazonyguyane.fr\/index.php?rest_route=\/wp\/v2\/product\/306507","targetHints":{"allow":["GET"]}}],"collection":[{"href":"https:\/\/amazonyguyane.fr\/index.php?rest_route=\/wp\/v2\/product"}],"about":[{"href":"https:\/\/amazonyguyane.fr\/index.php?rest_route=\/wp\/v2\/types\/product"}],"replies":[{"embeddable":true,"href":"https:\/\/amazonyguyane.fr\/index.php?rest_route=%2Fwp%2Fv2%2Fcomments&post=306507"}],"version-history":[{"count":0,"href":"https:\/\/amazonyguyane.fr\/index.php?rest_route=\/wp\/v2\/product\/306507\/revisions"}],"wp:featuredmedia":[{"embeddable":true,"href":"https:\/\/amazonyguyane.fr\/index.php?rest_route=\/wp\/v2\/media\/306509"}],"wp:attachment":[{"href":"https:\/\/amazonyguyane.fr\/index.php?rest_route=%2Fwp%2Fv2%2Fmedia&parent=306507"}],"wp:term":[{"taxonomy":"product_brand","embeddable":true,"href":"https:\/\/amazonyguyane.fr\/index.php?rest_route=%2Fwp%2Fv2%2Fproduct_brand&post=306507"},{"taxonomy":"product_cat","embeddable":true,"href":"https:\/\/amazonyguyane.fr\/index.php?rest_route=%2Fwp%2Fv2%2Fproduct_cat&post=306507"},{"taxonomy":"product_tag","embeddable":true,"href":"https:\/\/amazonyguyane.fr\/index.php?rest_route=%2Fwp%2Fv2%2Fproduct_tag&post=306507"}],"curies":[{"name":"wp","href":"https:\/\/api.w.org\/{rel}","templated":true}]}}