{"id":306606,"date":"2023-10-07T18:26:22","date_gmt":"2023-10-07T17:26:22","guid":{"rendered":"https:\/\/amazonyguyane.fr\/?product=lenovo-thinkpad-t470-ordinateur-portable-14"},"modified":"2023-10-07T18:26:22","modified_gmt":"2023-10-07T17:26:22","slug":"lenovo-thinkpad-t470-ordinateur-portable-14","status":"publish","type":"product","link":"https:\/\/amazonyguyane.fr\/produit\/lenovo-thinkpad-t470-ordinateur-portable-14\/","title":{"rendered":"Lenovo ThinkPad T470 Ordinateur Portable 14"},"content":{"rendered":"<p><!-- show up to 2 reviews by default -->                        <\/p>\n<p> <span>Lenovo: Nous d\u00e9veloppons des solutions technologiques qui changent le monde pour cr\u00e9er une soci\u00e9t\u00e9 num\u00e9rique plus inclusive, digne de confiance et durable.<\/span>  <\/p>\n<p><\/p>\n","protected":false},"excerpt":{"rendered":"<p>Lenovo: Nous d\u00e9veloppons des solutions technologiques qui changent le monde pour cr\u00e9er une soci\u00e9t\u00e9 num\u00e9rique plus inclusive, digne de confiance et durable.<\/p>\n","protected":false},"featured_media":306607,"comment_status":"","ping_status":"closed","template":"","meta":{"_acf_changed":false},"product_brand":[],"product_cat":[75435],"product_tag":[],"class_list":{"0":"post-306606","1":"product","2":"type-product","3":"status-publish","4":"has-post-thumbnail","6":"product_cat-lenovo","8":"first","9":"instock","10":"taxable","11":"shipping-taxable","12":"purchasable","13":"product-type-simple","14":"add-to-wishlist-after_add_to_cart"},"acf":[],"_links":{"self":[{"href":"https:\/\/amazonyguyane.fr\/wp-json\/wp\/v2\/product\/306606","targetHints":{"allow":["GET"]}}],"collection":[{"href":"https:\/\/amazonyguyane.fr\/wp-json\/wp\/v2\/product"}],"about":[{"href":"https:\/\/amazonyguyane.fr\/wp-json\/wp\/v2\/types\/product"}],"replies":[{"embeddable":true,"href":"https:\/\/amazonyguyane.fr\/wp-json\/wp\/v2\/comments?post=306606"}],"version-history":[{"count":0,"href":"https:\/\/amazonyguyane.fr\/wp-json\/wp\/v2\/product\/306606\/revisions"}],"wp:featuredmedia":[{"embeddable":true,"href":"https:\/\/amazonyguyane.fr\/wp-json\/wp\/v2\/media\/306607"}],"wp:attachment":[{"href":"https:\/\/amazonyguyane.fr\/wp-json\/wp\/v2\/media?parent=306606"}],"wp:term":[{"taxonomy":"product_brand","embeddable":true,"href":"https:\/\/amazonyguyane.fr\/wp-json\/wp\/v2\/product_brand?post=306606"},{"taxonomy":"product_cat","embeddable":true,"href":"https:\/\/amazonyguyane.fr\/wp-json\/wp\/v2\/product_cat?post=306606"},{"taxonomy":"product_tag","embeddable":true,"href":"https:\/\/amazonyguyane.fr\/wp-json\/wp\/v2\/product_tag?post=306606"}],"curies":[{"name":"wp","href":"https:\/\/api.w.org\/{rel}","templated":true}]}}