{"id":308066,"date":"2023-10-07T19:22:41","date_gmt":"2023-10-07T18:22:41","guid":{"rendered":"https:\/\/amazonyguyane.fr\/?product=ubisoft-nsw-starlink-starter-pack"},"modified":"2023-10-07T19:22:41","modified_gmt":"2023-10-07T18:22:41","slug":"ubisoft-nsw-starlink-starter-pack","status":"publish","type":"product","link":"https:\/\/amazonyguyane.fr\/produit\/ubisoft-nsw-starlink-starter-pack\/","title":{"rendered":"Ubisoft NSW STARLINK Starter Pack"},"content":{"rendered":"<p><!-- show up to 2 reviews by default -->                        <\/p>\n<p> <span>In Starlink: Battle for Atlas f\u00fchrst du ein heldenhaftes Team von interstellaren Piloten an, um das Atlas-Sternensystem von der Vergessenen Legion zu befreien. Innovative modulare Toys erlauben es Spielern einzigartige Raumschiffe zu bauen, die jederzeit auf einen anderen Spielstil angepasst werden k\u00f6nnen. Hierdurch k\u00f6nnen sie jegliche Herausforderungen, denen sie in diesem epischen Open World Abenteuer begegnen, meistern.<\/p>\n<p>Mason Rana, der neueste Rekrut der Starlink Initiative ist ein genialer Erfinder mit gro\u00dfen Hoffnungen f\u00fcr die Zukunft. Dank seiner Starlink-Technologie kann die Crew blitzschnell die Piloten, Waffen und Raumschiffe wechseln. Seine F\u00e4higkeit ist der Orbitalschlag. Er verwendet einen Uplink zur Equinox, um eine experimentelle orbitale Waffe auszurichten, die jedes Ziel in einem gro\u00dfen Umkreis treffen kann. Die Zenith ist eines der ersten Sternenschiffe, das f\u00fcr die Initiative entworfen wurde. Es verf\u00fcgt \u00fcber zus\u00e4tzliche Energie, die es perfekt f\u00fcr schweres Ger\u00e4t macht. Es geh\u00f6rt zur Spezialisten-Klasse und ist sehr ausgewogen und man\u00f6vrierf\u00e4hig. <\/p>\n<p>ERKUNDE EIN LEBENDIGES, OFFENES STERNENSYSTEM &#8211; Reise nahtlos durch die exotischen au\u00dferirdischen Welten des Atlas &#8211; Sternensystems. Jeder der Planeten verf\u00fcgt \u00fcber eigenes \u00d6kosystem, eine eigene Tierwelt und Geheimnisse, die es zu entdecken gilt. Verb\u00fcnde dich mit den Fraktionen von Atlas um die dynamische Bedrohung der Vergessenen Legion zu bek\u00e4mpfen, deren Ziel es ist, Atlas zu \u00fcbernehmen.<\/p>\n<p>BAUE DAS RAUMSCHIFF DEINER TR\u00c4UME &#8211; Gestalte deine eigene Raumschiff-Ausr\u00fcstung durch dein Arsenal aus Fl\u00fcgeln, H\u00fcllen, Waffen und Piloten. Setze deine modularen Toys auf der Controller-Halterung ein und sieh zu, wie sie im Spiel direkt zum Leben erwachen. Experimentiere mit deiner Ausr\u00fcstung in Echtzeit, w\u00e4hrend du spielst. Sei kreativ im Kampf und entfessle zerst\u00f6rerische Elementar-Kombos, um jegliche Herausforderung im Altas-Sternensystem strategisch zu meistern.<\/p>\n<p>UPGRADE DEINE FLOTTE MITHILFE VON ROLLENSPIEL-MECHANIKEN &#8211; Baue deinen Piloten-Fertigkeitenbaum aus, nutze Ausr\u00fcstungs-Mods und upgrade dein Mutterschiff, w\u00e4hrend deiner Reise, um deine Kr\u00e4fte zu erweitern und dein Abenteuer zu personalisieren.<\/p>\n<p>ZWEI SPIELER COUCH-KOOP &#8211; Lade einen Freund jederzeit nahtlos dazu ein, an deiner Kampagne im lokalen Koop &#8211; Modus f\u00fcr zwei Spieler au f geteiltem Bildschirm teilzunehmen. Kombiniert eure unterschiedliche Ausr\u00fcstung, um Atlas gemeinsam durch eure ultimative Teamarbeit zu retten.<\/p>\n<p>SCHREDDER &#8211; Basierend auf menschlichen Milit\u00e4rentw\u00fcrfen ist die Schredder eine Vielzweck &#8211; Rotationskanone, die kinetische Projektile verschie\u00dft. Sie ist pr\u00e4zise und feuert ununterbrochen. Also richte sie auf Schwachstellen und erh\u00f6he so den Schaden. <\/p>\n<p>FLAMMENWERFER &#8211; Der Flammenwerfer ist eine Brennstoff injektions &#8211; Waffe, die in einem weiten Bogen Feuer spuckt und Gegnern kontinuierlich Schaden zuf\u00fcgt, der die Ziele \u00fcberhitzt und ihre Verteidigung schw\u00e4cht. <\/p>\n<p>FROSTSPERRFEUER &#8211; Wenn es an der Zeit ist, deinen Gegnern einen eiskalten Schauer den R\u00fccken hinunter laufen zu lassen, dann ist Frostsperrfeuer genau das richtige f\u00fcr dich. Ihr Schwarm an Lenkraketen ergie\u00dft sich \u00fcber dem Ziel und hilft, schnelle oder fl\u00fcchtige Gegner zu verlangsamen. <\/p>\n<p>INHALT:<br \/>\u2022 Starlink: Battle for Atlas &#8211; Videospiel <br \/>\u2022 Arwing Raumschiff<br \/>\u2022 Zwei Piloten: Fox McCloud und Mason Rana<br \/>\u2022 Zwei Waffen: Flammenwerfer und Frostsperrfeuer <br \/>\u2022 Eine Befestigung f\u00fcr den Joy Con<br \/>\u2022 Poster der modularen Toys-Sammlung aus Starlink: Battle for Atlas, Welle 1 <br \/>\u2022 Die digitale Version des Zenitz-Raumschiffs und die Schredder-Waffe<\/p>\n<p>Das Starlink: Battle for Atlas-Starterpaket ist erforderlich, um mit Starship, Piloten- und Waffenpaketen zu spielen. Alle Starlink modularen Toys funktionieren nur mit dem Starlink: Battle for Atlas-Videospiel und der Controller-Halterung f\u00fcr PS4, Nintendo Switch und Xbox One.<\/p>\n<p>Wie spielt man mit modularen Toys? Verbinde deine modularen Spielzeuge mit der Controller-Halterung und sieh zu, wie sie im Spiel in Echtzeit zum Leben erwachen! Erstelle deine auf dich zugeschnittene Raumschiff-Ausr\u00fcstung mithilfe deines Arsenals von speziellen Fl\u00fcgeln, Schiffen, Waffen und Piloten und passe dich mit sofortiger Wirkung an deine Feinde an.<br \/><\/span>  <\/p>\n<p>Production interrompue par le fabricant                                     \u200f                                          :                                     \u200e  Non          Dimensions du produit (L x l x h)                                     \u200f                                          :                                     \u200e  23 x 9,5 x 30,2 cm; 630 grammes                Code UNSPSC  :  60141104 (Jeux vid\u00e9o) Signaler un code incorrect              Date de sortie                                     \u200f                                          :                                     \u200e  16 octobre 2018          Date de mise en ligne sur Amazon.fr                                     \u200f                                          :                                     \u200e  5 novembre 2018                                  ASIN                                     \u200f                                          :                                     \u200e  B07DNVTW6K          R\u00e9f\u00e9rence constructeur                                     \u200f                                          :                                     \u200e  52926069          Disponibilit\u00e9 des pi\u00e8ces d\u00e9tach\u00e9es                                     \u200f                                          :                                     \u200e  Information indisponible sur les pi\u00e8ces d\u00e9tach\u00e9es<\/p>\n","protected":false},"excerpt":{"rendered":"<p>In Starlink: Battle for Atlas f\u00fchrst du ein heldenhaftes Team von interstellaren Piloten an, um das Atlas-Sternensystem von der Vergessenen Legion zu befreien. Innovative modulare Toys erlauben es Spielern einzigartige<\/p>\n","protected":false},"featured_media":308067,"comment_status":"","ping_status":"closed","template":"","meta":{"_acf_changed":false},"product_brand":[],"product_cat":[3034],"product_tag":[],"class_list":{"0":"post-308066","1":"product","2":"type-product","3":"status-publish","4":"has-post-thumbnail","6":"product_cat-reseaux","8":"first","9":"instock","10":"taxable","11":"shipping-taxable","12":"purchasable","13":"product-type-simple","14":"add-to-wishlist-after_add_to_cart"},"acf":[],"_links":{"self":[{"href":"https:\/\/amazonyguyane.fr\/wp-json\/wp\/v2\/product\/308066","targetHints":{"allow":["GET"]}}],"collection":[{"href":"https:\/\/amazonyguyane.fr\/wp-json\/wp\/v2\/product"}],"about":[{"href":"https:\/\/amazonyguyane.fr\/wp-json\/wp\/v2\/types\/product"}],"replies":[{"embeddable":true,"href":"https:\/\/amazonyguyane.fr\/wp-json\/wp\/v2\/comments?post=308066"}],"version-history":[{"count":0,"href":"https:\/\/amazonyguyane.fr\/wp-json\/wp\/v2\/product\/308066\/revisions"}],"wp:featuredmedia":[{"embeddable":true,"href":"https:\/\/amazonyguyane.fr\/wp-json\/wp\/v2\/media\/308067"}],"wp:attachment":[{"href":"https:\/\/amazonyguyane.fr\/wp-json\/wp\/v2\/media?parent=308066"}],"wp:term":[{"taxonomy":"product_brand","embeddable":true,"href":"https:\/\/amazonyguyane.fr\/wp-json\/wp\/v2\/product_brand?post=308066"},{"taxonomy":"product_cat","embeddable":true,"href":"https:\/\/amazonyguyane.fr\/wp-json\/wp\/v2\/product_cat?post=308066"},{"taxonomy":"product_tag","embeddable":true,"href":"https:\/\/amazonyguyane.fr\/wp-json\/wp\/v2\/product_tag?post=308066"}],"curies":[{"name":"wp","href":"https:\/\/api.w.org\/{rel}","templated":true}]}}