{"id":309358,"date":"2023-10-07T19:48:37","date_gmt":"2023-10-07T18:48:37","guid":{"rendered":"https:\/\/amazonyguyane.fr\/?product=tp-link-routeur-wifi-6e-axe5400-archer-axe75"},"modified":"2023-10-07T19:48:37","modified_gmt":"2023-10-07T18:48:37","slug":"tp-link-routeur-wifi-6e-axe5400-archer-axe75","status":"publish","type":"product","link":"https:\/\/amazonyguyane.fr\/produit\/tp-link-routeur-wifi-6e-axe5400-archer-axe75\/","title":{"rendered":"TP-Link Routeur WiFi 6E AXE5400 Archer AXE75"},"content":{"rendered":"<p><!-- show up to 2 reviews by default -->                        <\/p>\n<p> <span>L&#8217;Archer AXE75 offre des vitesses WiFi allant jusqu&#8217;\u00e0 5400 Mbps, permettant \u00e0 vos appareils de fonctionner \u00e0 pleine vitesse. Profitez d&#8217;un streaming 4K\/8K fluide, de jeux AR\/VR immersifs et de t\u00e9l\u00e9chargements ultrarapides.<\/span>  <\/p>\n<p><\/p>\n","protected":false},"excerpt":{"rendered":"<p>L&#8217;Archer AXE75 offre des vitesses WiFi allant jusqu&#8217;\u00e0 5400 Mbps, permettant \u00e0 vos appareils de fonctionner \u00e0 pleine vitesse. Profitez d&#8217;un streaming 4K\/8K fluide, de jeux AR\/VR immersifs et de<\/p>\n","protected":false},"featured_media":309359,"comment_status":"","ping_status":"closed","template":"","meta":{"_acf_changed":false},"product_brand":[],"product_cat":[3034],"product_tag":[],"class_list":{"0":"post-309358","1":"product","2":"type-product","3":"status-publish","4":"has-post-thumbnail","6":"product_cat-reseaux","8":"first","9":"instock","10":"taxable","11":"shipping-taxable","12":"purchasable","13":"product-type-simple","14":"add-to-wishlist-after_add_to_cart"},"acf":[],"_links":{"self":[{"href":"https:\/\/amazonyguyane.fr\/wp-json\/wp\/v2\/product\/309358","targetHints":{"allow":["GET"]}}],"collection":[{"href":"https:\/\/amazonyguyane.fr\/wp-json\/wp\/v2\/product"}],"about":[{"href":"https:\/\/amazonyguyane.fr\/wp-json\/wp\/v2\/types\/product"}],"replies":[{"embeddable":true,"href":"https:\/\/amazonyguyane.fr\/wp-json\/wp\/v2\/comments?post=309358"}],"version-history":[{"count":0,"href":"https:\/\/amazonyguyane.fr\/wp-json\/wp\/v2\/product\/309358\/revisions"}],"wp:featuredmedia":[{"embeddable":true,"href":"https:\/\/amazonyguyane.fr\/wp-json\/wp\/v2\/media\/309359"}],"wp:attachment":[{"href":"https:\/\/amazonyguyane.fr\/wp-json\/wp\/v2\/media?parent=309358"}],"wp:term":[{"taxonomy":"product_brand","embeddable":true,"href":"https:\/\/amazonyguyane.fr\/wp-json\/wp\/v2\/product_brand?post=309358"},{"taxonomy":"product_cat","embeddable":true,"href":"https:\/\/amazonyguyane.fr\/wp-json\/wp\/v2\/product_cat?post=309358"},{"taxonomy":"product_tag","embeddable":true,"href":"https:\/\/amazonyguyane.fr\/wp-json\/wp\/v2\/product_tag?post=309358"}],"curies":[{"name":"wp","href":"https:\/\/api.w.org\/{rel}","templated":true}]}}