{"id":312240,"date":"2023-10-07T23:57:07","date_gmt":"2023-10-07T22:57:07","guid":{"rendered":"https:\/\/amazonyguyane.fr\/?product=xbox-series-s-1-to-carbon-black"},"modified":"2023-10-07T23:58:04","modified_gmt":"2023-10-07T22:58:04","slug":"xbox-series-s-1-to-carbon-black","status":"publish","type":"product","link":"https:\/\/amazonyguyane.fr\/produit\/xbox-series-s-1-to-carbon-black\/","title":{"rendered":"Xbox Series S &#8211; 1 To &#8211; Carbon Black"},"content":{"rendered":"<p><!-- show up to 2 reviews by default -->                        <\/p>\n<p> <span>DARVAZA<\/span>  <\/p>\n<p>Class\u00e9                                     \u200f                                          :                                     \u200e  Inconnu          Langue                                     \u200f                                          :                                     \u200e  Fran\u00e7ais          Dimensions du produit (L x l x h)                                     \u200f                                          :                                     \u200e  36 x 29,2 x 12,8 cm; 3,22 kilogrammes                Code UNSPSC  :  43230000 (Logiciels) Signaler un code incorrect              Date de sortie                                     \u200f                                          :                                     \u200e  1 septembre 2023          Date de mise en ligne sur Amazon.fr                                     \u200f                                          :                                     \u200e  26 juin 2023                                  ASIN                                     \u200f                                          :                                     \u200e  B0C7VK8CT4          Num\u00e9ro du mod\u00e8le de l&#8217;article                                     \u200f                                          :                                     \u200e  XXU-00009          Pays d&#8217;origine                                     \u200f                                          :                                     \u200e  Chine          Disponibilit\u00e9 des pi\u00e8ces d\u00e9tach\u00e9es                                     \u200f                                          :                                     \u200e  Information indisponible sur les pi\u00e8ces d\u00e9tach\u00e9es<\/p>\n","protected":false},"excerpt":{"rendered":"<p>DARVAZA Class\u00e9 \u200f : \u200e Inconnu Langue \u200f : \u200e Fran\u00e7ais Dimensions du produit (L x l x h) \u200f : \u200e 36 x 29,2 x 12,8 cm; 3,22 kilogrammes<\/p>\n","protected":false},"featured_media":312241,"comment_status":"","ping_status":"closed","template":"","meta":{"_acf_changed":false},"product_brand":[],"product_cat":[15],"product_tag":[],"class_list":{"0":"post-312240","1":"product","2":"type-product","3":"status-publish","4":"has-post-thumbnail","6":"product_cat-xbox","8":"first","9":"instock","10":"taxable","11":"shipping-taxable","12":"purchasable","13":"product-type-variable","14":"add-to-wishlist-after_add_to_cart"},"acf":[],"_links":{"self":[{"href":"https:\/\/amazonyguyane.fr\/wp-json\/wp\/v2\/product\/312240","targetHints":{"allow":["GET"]}}],"collection":[{"href":"https:\/\/amazonyguyane.fr\/wp-json\/wp\/v2\/product"}],"about":[{"href":"https:\/\/amazonyguyane.fr\/wp-json\/wp\/v2\/types\/product"}],"replies":[{"embeddable":true,"href":"https:\/\/amazonyguyane.fr\/wp-json\/wp\/v2\/comments?post=312240"}],"version-history":[{"count":0,"href":"https:\/\/amazonyguyane.fr\/wp-json\/wp\/v2\/product\/312240\/revisions"}],"wp:featuredmedia":[{"embeddable":true,"href":"https:\/\/amazonyguyane.fr\/wp-json\/wp\/v2\/media\/312241"}],"wp:attachment":[{"href":"https:\/\/amazonyguyane.fr\/wp-json\/wp\/v2\/media?parent=312240"}],"wp:term":[{"taxonomy":"product_brand","embeddable":true,"href":"https:\/\/amazonyguyane.fr\/wp-json\/wp\/v2\/product_brand?post=312240"},{"taxonomy":"product_cat","embeddable":true,"href":"https:\/\/amazonyguyane.fr\/wp-json\/wp\/v2\/product_cat?post=312240"},{"taxonomy":"product_tag","embeddable":true,"href":"https:\/\/amazonyguyane.fr\/wp-json\/wp\/v2\/product_tag?post=312240"}],"curies":[{"name":"wp","href":"https:\/\/api.w.org\/{rel}","templated":true}]}}