{"id":312258,"date":"2023-10-07T23:57:31","date_gmt":"2023-10-07T22:57:31","guid":{"rendered":"https:\/\/amazonyguyane.fr\/?product=xbox-series-s-pack-chasseur-dore"},"modified":"2023-10-07T23:57:31","modified_gmt":"2023-10-07T22:57:31","slug":"xbox-series-s-pack-chasseur-dore","status":"publish","type":"product","link":"https:\/\/amazonyguyane.fr\/produit\/xbox-series-s-pack-chasseur-dore\/","title":{"rendered":"Xbox Series S Pack Chasseur dor\u00e9"},"content":{"rendered":"<p><!-- show up to 2 reviews by default -->                        <\/p>\n<p> <span>Pjt Flamingo.<\/span>  <\/p>\n<p>Class\u00e9                                     \u200f                                          :                                     \u200e  12 ans et plus          Langue                                     \u200f                                          :                                     \u200e  Fran\u00e7ais, Allemand          Dimensions du produit (L x l x h)                                     \u200f                                          :                                     \u200e  50 x 50 x 28 cm; 3,2 kilogrammes                Code UNSPSC  :  60141104 (Jeux vid\u00e9o) Signaler un code incorrect              Date de sortie                                     \u200f                                          :                                     \u200e  29 novembre 2022          Date de mise en ligne sur Amazon.fr                                     \u200f                                          :                                     \u200e  29 novembre 2022                                  ASIN                                     \u200f                                          :                                     \u200e  B0BHWK31F1          Num\u00e9ro du mod\u00e8le de l&#8217;article                                     \u200f                                          :                                     \u200e  RRS-00079          Pays d&#8217;origine                                     \u200f                                          :                                     \u200e  Chine          Disponibilit\u00e9 des pi\u00e8ces d\u00e9tach\u00e9es                                     \u200f                                          :                                     \u200e  Information indisponible sur les pi\u00e8ces d\u00e9tach\u00e9es<\/p>\n","protected":false},"excerpt":{"rendered":"<p>Pjt Flamingo. Class\u00e9 \u200f : \u200e 12 ans et plus Langue \u200f : \u200e Fran\u00e7ais, Allemand Dimensions du produit (L x l x h) \u200f : \u200e 50 x 50<\/p>\n","protected":false},"featured_media":312259,"comment_status":"","ping_status":"closed","template":"","meta":{"_acf_changed":false},"product_brand":[],"product_cat":[15],"product_tag":[],"class_list":{"0":"post-312258","1":"product","2":"type-product","3":"status-publish","4":"has-post-thumbnail","6":"product_cat-xbox","8":"first","9":"instock","10":"taxable","11":"shipping-taxable","12":"purchasable","13":"product-type-simple","14":"add-to-wishlist-after_add_to_cart"},"acf":[],"_links":{"self":[{"href":"https:\/\/amazonyguyane.fr\/wp-json\/wp\/v2\/product\/312258","targetHints":{"allow":["GET"]}}],"collection":[{"href":"https:\/\/amazonyguyane.fr\/wp-json\/wp\/v2\/product"}],"about":[{"href":"https:\/\/amazonyguyane.fr\/wp-json\/wp\/v2\/types\/product"}],"replies":[{"embeddable":true,"href":"https:\/\/amazonyguyane.fr\/wp-json\/wp\/v2\/comments?post=312258"}],"version-history":[{"count":0,"href":"https:\/\/amazonyguyane.fr\/wp-json\/wp\/v2\/product\/312258\/revisions"}],"wp:featuredmedia":[{"embeddable":true,"href":"https:\/\/amazonyguyane.fr\/wp-json\/wp\/v2\/media\/312259"}],"wp:attachment":[{"href":"https:\/\/amazonyguyane.fr\/wp-json\/wp\/v2\/media?parent=312258"}],"wp:term":[{"taxonomy":"product_brand","embeddable":true,"href":"https:\/\/amazonyguyane.fr\/wp-json\/wp\/v2\/product_brand?post=312258"},{"taxonomy":"product_cat","embeddable":true,"href":"https:\/\/amazonyguyane.fr\/wp-json\/wp\/v2\/product_cat?post=312258"},{"taxonomy":"product_tag","embeddable":true,"href":"https:\/\/amazonyguyane.fr\/wp-json\/wp\/v2\/product_tag?post=312258"}],"curies":[{"name":"wp","href":"https:\/\/api.w.org\/{rel}","templated":true}]}}