{"id":315731,"date":"2023-10-08T01:33:14","date_gmt":"2023-10-08T00:33:14","guid":{"rendered":"https:\/\/amazonyguyane.fr\/?product=happygolucky-voiture-telecommandee-enfant-jouet-enfant-3-4-5-6-7-8-9-ans-garcon-jouet-garcon-3-9-ans-cadeau-garcon-fille-3-10-ans-jeux-enfant-3-10-ans-voiture-enfant-rc-car-jeux-exterieur-enfant"},"modified":"2023-10-08T01:33:14","modified_gmt":"2023-10-08T00:33:14","slug":"happygolucky-voiture-telecommandee-enfant-jouet-enfant-3-4-5-6-7-8-9-ans-garcon-jouet-garcon-3-9-ans-cadeau-garcon-fille-3-10-ans-jeux-enfant-3-10-ans-voiture-enfant-rc-car-jeux-exterieur-enfant","status":"publish","type":"product","link":"https:\/\/amazonyguyane.fr\/?product=happygolucky-voiture-telecommandee-enfant-jouet-enfant-3-4-5-6-7-8-9-ans-garcon-jouet-garcon-3-9-ans-cadeau-garcon-fille-3-10-ans-jeux-enfant-3-10-ans-voiture-enfant-rc-car-jeux-exterieur-enfant","title":{"rendered":"HappyGoLucky Voiture T\u00e9l\u00e9command\u00e9e Enfant, Jouet Enfant 3 4 5 6 7 8 9 Ans Gar\u00e7on Jouet Garcon 3-9 Ans Cadeau Garcon Fille 3-10 Ans Jeux Enfant 3-10 Ans Voiture Enfant RC Car Jeux Exterieur Enfant"},"content":{"rendered":"<p><!-- show up to 2 reviews by default -->                        <\/p>\n<p> <span>Happygolucky Voitures t\u00e9l\u00e9command\u00e9es Jouets pour gar\u00e7ons filles de 3 \u00e0 12 ans, Monster Truck Boys Toys Age 3 12 Rc Car Gifts for 3 11 Year Old Boys Toy Cars Kids Toys Present for 4 10 Year Old Boys<\/span>  <\/p>\n<p>Pile(s) \/ Batterie(s) :                                     \u200f                                          :                                     \u200e  1 Lithium-ion &#8211; incluse(s)          Dimensions du colis                                     \u200f                                          :                                     \u200e  14,2 x 13,3 x 11,9 cm; 360 grammes                Code UNSPSC  :  60141000 (Jouets) Signaler un code incorrect              ASIN                                     \u200f                                          :                                     \u200e  B0C5SLJHD9          Pays d&#8217;origine                                     \u200f                                          :                                     \u200e  Chine<\/p>\n","protected":false},"excerpt":{"rendered":"<p>Happygolucky Voitures t\u00e9l\u00e9command\u00e9es Jouets pour gar\u00e7ons filles de 3 \u00e0 12 ans, Monster Truck Boys Toys Age 3 12 Rc Car Gifts for 3 11 Year Old Boys Toy Cars<\/p>\n","protected":false},"featured_media":315732,"comment_status":"","ping_status":"closed","template":"","meta":{"_acf_changed":false},"product_brand":[],"product_cat":[36669],"product_tag":[],"class_list":{"0":"post-315731","1":"product","2":"type-product","3":"status-publish","4":"has-post-thumbnail","6":"product_cat-jouets-garcons","8":"first","9":"instock","10":"taxable","11":"shipping-taxable","12":"purchasable","13":"product-type-simple","14":"add-to-wishlist-after_add_to_cart"},"acf":[],"_links":{"self":[{"href":"https:\/\/amazonyguyane.fr\/index.php?rest_route=\/wp\/v2\/product\/315731","targetHints":{"allow":["GET"]}}],"collection":[{"href":"https:\/\/amazonyguyane.fr\/index.php?rest_route=\/wp\/v2\/product"}],"about":[{"href":"https:\/\/amazonyguyane.fr\/index.php?rest_route=\/wp\/v2\/types\/product"}],"replies":[{"embeddable":true,"href":"https:\/\/amazonyguyane.fr\/index.php?rest_route=%2Fwp%2Fv2%2Fcomments&post=315731"}],"version-history":[{"count":0,"href":"https:\/\/amazonyguyane.fr\/index.php?rest_route=\/wp\/v2\/product\/315731\/revisions"}],"wp:featuredmedia":[{"embeddable":true,"href":"https:\/\/amazonyguyane.fr\/index.php?rest_route=\/wp\/v2\/media\/315732"}],"wp:attachment":[{"href":"https:\/\/amazonyguyane.fr\/index.php?rest_route=%2Fwp%2Fv2%2Fmedia&parent=315731"}],"wp:term":[{"taxonomy":"product_brand","embeddable":true,"href":"https:\/\/amazonyguyane.fr\/index.php?rest_route=%2Fwp%2Fv2%2Fproduct_brand&post=315731"},{"taxonomy":"product_cat","embeddable":true,"href":"https:\/\/amazonyguyane.fr\/index.php?rest_route=%2Fwp%2Fv2%2Fproduct_cat&post=315731"},{"taxonomy":"product_tag","embeddable":true,"href":"https:\/\/amazonyguyane.fr\/index.php?rest_route=%2Fwp%2Fv2%2Fproduct_tag&post=315731"}],"curies":[{"name":"wp","href":"https:\/\/api.w.org\/{rel}","templated":true}]}}