{"id":315771,"date":"2023-10-08T01:34:15","date_gmt":"2023-10-08T00:34:15","guid":{"rendered":"https:\/\/amazonyguyane.fr\/?product=sumsync-telecommande-araignees-jouets-pour-enfants-veritable-rc-spider-effets-musicaux-lumieres-led-3-4-5-6-7-8-9-10-11-12-ans-garcons-filles-cadeau-danniversaire-halloween-rouge"},"modified":"2023-10-08T01:34:15","modified_gmt":"2023-10-08T00:34:15","slug":"sumsync-telecommande-araignees-jouets-pour-enfants-veritable-rc-spider-effets-musicaux-lumieres-led-3-4-5-6-7-8-9-10-11-12-ans-garcons-filles-cadeau-danniversaire-halloween-rouge","status":"publish","type":"product","link":"https:\/\/amazonyguyane.fr\/?product=sumsync-telecommande-araignees-jouets-pour-enfants-veritable-rc-spider-effets-musicaux-lumieres-led-3-4-5-6-7-8-9-10-11-12-ans-garcons-filles-cadeau-danniversaire-halloween-rouge","title":{"rendered":"sumsync T\u00e9l\u00e9commande Araign\u00e9es Jouets pour Enfants &#8211; V\u00e9ritable RC Spider, Effets musicaux, Lumi\u00e8res LED, 3 4 5 6 7 8 9 10 11 12 Ans gar\u00e7ons \/ Filles, Cadeau d&#8217;anniversaire Halloween Rouge"},"content":{"rendered":"<li class=\"a-spacing-mini\"><span class=\"a-list-item\"> <b>Real Spray <\/b>&#8211; ce jouet d&#8217;araign\u00e9e t\u00e9l\u00e9command\u00e9 a l&#8217;air r\u00e9aliste et poss\u00e8de un bo\u00eetier de haute technologie. Comme il se d\u00e9place rapidement autour de vous, ses jambes d&#8217;araign\u00e9e se balancent rapidement. On dirait une vraie araign\u00e9e. Il peut tromper vos amis et est tr\u00e8s amusant. De plus, ce jouet d&#8217;araign\u00e9e t\u00e9l\u00e9command\u00e9 peut pulv\u00e9riser du vrai brouillard lorsque vous appuyez sur le bouton de pulv\u00e9risation. Il affichera des effets rouges et bleus dans l&#8217;obscurit\u00e9 et cette fonctionnalit\u00e9 est vraiment magique.  <\/span><\/li>\n<li class=\"a-spacing-mini\"><span class=\"a-list-item\"> <b>2 modes de rampe et 3 modes de pulv\u00e9risation <\/b>&#8211; la t\u00e9l\u00e9commande SPIDER peut non seulement ramper avant et arri\u00e8re, mais dispose \u00e9galement de 2 modes demo qui, apr\u00e8s avoir appuy\u00e9 sur un bouton, rampera automatiquement sous deux pistes diff\u00e9rentes en fonction du programme d\u00e9fini, accompagn\u00e9 de musique. Dans le m\u00eame temps, il dispose de 3 modes de pulv\u00e9risation qui pulv\u00e9risent le brouillard d&#8217;eau \u00e0 diff\u00e9rentes fr\u00e9quences et ont l&#8217;air tr\u00e8s frais.  <\/span><\/li>\n<li class=\"a-spacing-mini\"><span class=\"a-list-item\"> <b>Effet d&#8217;\u00e9clairage LED cool <\/b>&#8211; le jouet SPIDER t\u00e9l\u00e9command\u00e9 a des yeux LED rouges brillants sur la t\u00eate qui \u00e9mettent un effet de scintillement lent lors du d\u00e9placement et de la pulv\u00e9risation. La bouche du robot araign\u00e9e a \u00e9galement un effet d&#8217;\u00e9clairage rouge et bleu qui semble tr\u00e8s frais lorsqu&#8217;il est pulv\u00e9ris\u00e9 dans l&#8217;obscurit\u00e9. Les enfants et les adultes trouveront cela amusant.  <\/span><\/li>\n<li class=\"a-spacing-mini\"><span class=\"a-list-item\"> <b>Fonction musicale <\/b>&#8211; la t\u00e9l\u00e9commande SPIDER effraiera non seulement vos amis avec des effets sonores r\u00e9alistes tout en se d\u00e9pla\u00e7ant, mais jouera \u00e9galement de la musique diff\u00e9rente tout en rampant. Au total, 6 musiques diff\u00e9rentes peuvent \u00eatre s\u00e9lectionn\u00e9es, ce qui peut apporter beaucoup de joie \u00e0 votre famille et \u00e0 vos enfants. C&#8217;est un jouet tr\u00e8s cool pour les gar\u00e7ons et les filles.  <\/span><\/li>\n<li class=\"a-spacing-mini\"><span class=\"a-list-item\"> <b>Cadeau id\u00e9al pour les enfants <\/b>&#8211; Si vous \u00eates \u00e0 la recherche d&#8217;un cadeau pour les enfants, les jouets araign\u00e9es t\u00e9l\u00e9command\u00e9s sont certainement un choix unique. Ce n&#8217;est pas seulement un cadeau d&#8217;Halloween ou une d\u00e9coration d&#8217;Halloween. Il est plus appropri\u00e9 comme un cadeau de No\u00ebl unique pour les enfants ou les amis, un cadeau d&#8217;anniversaire, un cadeau de P\u00e2ques ou un cadeau de Thanksgiving.  <\/span><\/li>\n<p>Dimensions du produit (L x l x h)                                     \u200f                                          :                                     \u200e  29,97 x 24,89 x 9,91 cm; 450 grammes                Code UNSPSC  :  60141000 (Jouets) Signaler un code incorrect              \u00c2ge recommand\u00e9 par le fabricant                                     \u200f                                          :                                     \u200e  3 an et plus          R\u00e9f\u00e9rence constructeur                                     \u200f                                          :                                     \u200e  EU-YKZZ          ASIN                                     \u200f                                          :                                     \u200e  B0B9RY4QGT<\/p>\n","protected":false},"excerpt":{"rendered":"<p>Real Spray &#8211; ce jouet d&#8217;araign\u00e9e t\u00e9l\u00e9command\u00e9 a l&#8217;air r\u00e9aliste et poss\u00e8de un bo\u00eetier de haute technologie. Comme il se d\u00e9place rapidement autour de vous, ses jambes d&#8217;araign\u00e9e se balancent<\/p>\n","protected":false},"featured_media":315772,"comment_status":"","ping_status":"closed","template":"","meta":{"_acf_changed":false},"product_brand":[],"product_cat":[36669],"product_tag":[],"class_list":{"0":"post-315771","1":"product","2":"type-product","3":"status-publish","4":"has-post-thumbnail","6":"product_cat-jouets-garcons","8":"first","9":"instock","10":"taxable","11":"shipping-taxable","12":"purchasable","13":"product-type-simple","14":"add-to-wishlist-after_add_to_cart"},"acf":[],"_links":{"self":[{"href":"https:\/\/amazonyguyane.fr\/index.php?rest_route=\/wp\/v2\/product\/315771","targetHints":{"allow":["GET"]}}],"collection":[{"href":"https:\/\/amazonyguyane.fr\/index.php?rest_route=\/wp\/v2\/product"}],"about":[{"href":"https:\/\/amazonyguyane.fr\/index.php?rest_route=\/wp\/v2\/types\/product"}],"replies":[{"embeddable":true,"href":"https:\/\/amazonyguyane.fr\/index.php?rest_route=%2Fwp%2Fv2%2Fcomments&post=315771"}],"version-history":[{"count":0,"href":"https:\/\/amazonyguyane.fr\/index.php?rest_route=\/wp\/v2\/product\/315771\/revisions"}],"wp:featuredmedia":[{"embeddable":true,"href":"https:\/\/amazonyguyane.fr\/index.php?rest_route=\/wp\/v2\/media\/315772"}],"wp:attachment":[{"href":"https:\/\/amazonyguyane.fr\/index.php?rest_route=%2Fwp%2Fv2%2Fmedia&parent=315771"}],"wp:term":[{"taxonomy":"product_brand","embeddable":true,"href":"https:\/\/amazonyguyane.fr\/index.php?rest_route=%2Fwp%2Fv2%2Fproduct_brand&post=315771"},{"taxonomy":"product_cat","embeddable":true,"href":"https:\/\/amazonyguyane.fr\/index.php?rest_route=%2Fwp%2Fv2%2Fproduct_cat&post=315771"},{"taxonomy":"product_tag","embeddable":true,"href":"https:\/\/amazonyguyane.fr\/index.php?rest_route=%2Fwp%2Fv2%2Fproduct_tag&post=315771"}],"curies":[{"name":"wp","href":"https:\/\/api.w.org\/{rel}","templated":true}]}}