{"id":315943,"date":"2023-10-08T01:38:05","date_gmt":"2023-10-08T00:38:05","guid":{"rendered":"https:\/\/amazonyguyane.fr\/?product=hiwezezc-jeux-de-plein-air-arc-et-fleche-pour-enfants-cadeaux-et-jouets-pour-enfants"},"modified":"2023-10-08T01:38:05","modified_gmt":"2023-10-08T00:38:05","slug":"hiwezezc-jeux-de-plein-air-arc-et-fleche-pour-enfants-cadeaux-et-jouets-pour-enfants","status":"publish","type":"product","link":"https:\/\/amazonyguyane.fr\/produit\/hiwezezc-jeux-de-plein-air-arc-et-fleche-pour-enfants-cadeaux-et-jouets-pour-enfants\/","title":{"rendered":"Hiwezezc Jeux de Plein Air Arc et Fl\u00e8che pour Enfants &#8211; Cadeaux et Jouets pour Enfants"},"content":{"rendered":"<li class=\"a-spacing-mini\"><span class=\"a-list-item\"> <b>\u3010Arc et fl\u00e8che enfants\u3011<\/b> L&#8217;ensemble Arc Enfants est livr\u00e9 avec un Arc et Fl\u00e8che*1, Cible*1, Balle \u00e0 ventouse*20, Dragonne*2, Ficelle*1. Ce jouet peut \u00eatre jou\u00e9 \u00e0 l&#8217;int\u00e9rieur et \u00e0 l&#8217;ext\u00e9rieur et est appr\u00e9ci\u00e9 des enfants de 3-8 ans.  <\/span><\/li>\n<li class=\"a-spacing-mini\"><span class=\"a-list-item\"> <b>\u3010Jeux Exterieur Enfant\u3011<\/b> Il s&#8217;agit d&#8217;un excellent jouet arc et fl\u00e8che pour que les enfants puissent jouer dans les chambres, les parcs, les garages et plus encore, tirer des comp\u00e9titions entre enfants, jouer avec les parents et passer un bon moment.  <\/span><\/li>\n<li class=\"a-spacing-mini\"><span class=\"a-list-item\"> <b>\u3010Mat\u00e9riaux Qualit\u00e9\u3011<\/b> Ces jeux exterieur est fabriqu\u00e9 dans un mat\u00e9riau \u00e9cologique professionnel, non toxique, durable et s\u00fbr, difficile \u00e0 casser et 100% sans danger pour les enfants. Les balles \u00e0 ventouse peuvent \u00eatre adsorb\u00e9es sur du verre lisse, des murs et des cibles.  <\/span><\/li>\n<li class=\"a-spacing-mini\"><span class=\"a-list-item\"> <b>\u3010Jouet \u00c9ducatif pour Enfants\u3011<\/b> Cet ensemble Arc Enfants d\u00e9veloppe la coordination \u0153il-main des enfants et am\u00e9liore leurs comp\u00e9tences de tir. Lorsque les enfants utilisent des arcs et des fl\u00e8ches, ils peuvent stimuler leur imagination et devenir les superh\u00e9ros qu&#8217;ils admirent.  <\/span><\/li>\n<li class=\"a-spacing-mini\"><span class=\"a-list-item\"> <b>\u3010Cadeau Parfait pour Enfants\u3011<\/b> Cet ensemble arc et fl\u00e8che enfants est tr\u00e8s appropri\u00e9e comme cadeau (cadeau anniversaire) pour enfants de 3-8 ans. Jouet pour enfant de 3 4 5 6 7 8 ans, jouet arc et fl\u00e8che, tr\u00e8s appropri\u00e9 comme cadeaux de P\u00e2ques et cadeau noel.  <\/span><\/li>\n<p><\/p>\n","protected":false},"excerpt":{"rendered":"<p>\u3010Arc et fl\u00e8che enfants\u3011 L&#8217;ensemble Arc Enfants est livr\u00e9 avec un Arc et Fl\u00e8che*1, Cible*1, Balle \u00e0 ventouse*20, Dragonne*2, Ficelle*1. Ce jouet peut \u00eatre jou\u00e9 \u00e0 l&#8217;int\u00e9rieur et \u00e0 l&#8217;ext\u00e9rieur<\/p>\n","protected":false},"featured_media":315946,"comment_status":"","ping_status":"closed","template":"","meta":{"_acf_changed":false},"product_brand":[],"product_cat":[36669],"product_tag":[],"class_list":{"0":"post-315943","1":"product","2":"type-product","3":"status-publish","4":"has-post-thumbnail","6":"product_cat-jouets-garcons","8":"first","9":"instock","10":"taxable","11":"shipping-taxable","12":"purchasable","13":"product-type-simple","14":"add-to-wishlist-after_add_to_cart"},"acf":[],"_links":{"self":[{"href":"https:\/\/amazonyguyane.fr\/wp-json\/wp\/v2\/product\/315943","targetHints":{"allow":["GET"]}}],"collection":[{"href":"https:\/\/amazonyguyane.fr\/wp-json\/wp\/v2\/product"}],"about":[{"href":"https:\/\/amazonyguyane.fr\/wp-json\/wp\/v2\/types\/product"}],"replies":[{"embeddable":true,"href":"https:\/\/amazonyguyane.fr\/wp-json\/wp\/v2\/comments?post=315943"}],"version-history":[{"count":0,"href":"https:\/\/amazonyguyane.fr\/wp-json\/wp\/v2\/product\/315943\/revisions"}],"wp:featuredmedia":[{"embeddable":true,"href":"https:\/\/amazonyguyane.fr\/wp-json\/wp\/v2\/media\/315946"}],"wp:attachment":[{"href":"https:\/\/amazonyguyane.fr\/wp-json\/wp\/v2\/media?parent=315943"}],"wp:term":[{"taxonomy":"product_brand","embeddable":true,"href":"https:\/\/amazonyguyane.fr\/wp-json\/wp\/v2\/product_brand?post=315943"},{"taxonomy":"product_cat","embeddable":true,"href":"https:\/\/amazonyguyane.fr\/wp-json\/wp\/v2\/product_cat?post=315943"},{"taxonomy":"product_tag","embeddable":true,"href":"https:\/\/amazonyguyane.fr\/wp-json\/wp\/v2\/product_tag?post=315943"}],"curies":[{"name":"wp","href":"https:\/\/api.w.org\/{rel}","templated":true}]}}