{"id":316475,"date":"2023-10-08T14:22:48","date_gmt":"2023-10-08T13:22:48","guid":{"rendered":"https:\/\/amazonyguyane.fr\/?product=auney-service-a-the-pour-enfants-36-pcs-etui-de-transport-licorne-jeu-de-simulation-pour-filles-service-a-the-en-etain-avec-sachets-de-the-et-tranches-de-citron-13-jouets-a-dessert-pour-enfants"},"modified":"2023-10-08T14:22:48","modified_gmt":"2023-10-08T13:22:48","slug":"auney-service-a-the-pour-enfants-36-pcs-etui-de-transport-licorne-jeu-de-simulation-pour-filles-service-a-the-en-etain-avec-sachets-de-the-et-tranches-de-citron-13-jouets-a-dessert-pour-enfants","status":"publish","type":"product","link":"https:\/\/amazonyguyane.fr\/produit\/auney-service-a-the-pour-enfants-36-pcs-etui-de-transport-licorne-jeu-de-simulation-pour-filles-service-a-the-en-etain-avec-sachets-de-the-et-tranches-de-citron-13-jouets-a-dessert-pour-enfants\/","title":{"rendered":"Auney Service \u00e0 Th\u00e9 pour Enfants 36 Pcs, \u00e9tui de Transport Licorne, Jeu de Simulation pour Filles, Service \u00e0 Th\u00e9 en \u00e9tain avec Sachets de Th\u00e9 et Tranches de Citron, 13 Jouets \u00e0 Dessert pour Enfants"},"content":{"rendered":"<li class=\"a-spacing-mini\"><span class=\"a-list-item\"> <b>\ud83c\udf70 \u3010Ensemble de th\u00e9 en \u00e9tain 36 pi\u00e8ces\u3011<\/b> Vous obtiendrez l&#8217;ensemble de th\u00e9 comprenant 1 \u00d7 th\u00e9i\u00e8re en \u00e9tain, 4 \u00d7 tasses \u00e0 th\u00e9 en \u00e9tain, 4 \u00d7 sous-verres en \u00e9tain, 4 \u00d7 assiettes en \u00e9tain, 2 \u00d7 cuill\u00e8res, 1 \u00d7 support \u00e0 cupcake \u00e0 3 niveaux, 1 \u00d7 Nappe, 1 \u00d7 plateau de service en \u00e9tain, 2 \u00d7 sachets de th\u00e9, 2 \u00d7 tranches de citron, 3 \u00d7 biscuits, 3 \u00d7 beignets, 2 \u00d7 g\u00e2teaux, 2 \u00d7 bonbons, 3 \u00d7 biscuits macaron et 1 \u00d7 \u00e9tui de transport en carton.  <\/span><\/li>\n<li class=\"a-spacing-mini\"><span class=\"a-list-item\"> <b>\u2615\u3010Jeu de simulation de th\u00e9 en toute s\u00e9curit\u00e9\u3011<\/b> L&#8217;ensemble de jouets \u00e0 th\u00e9 est fabriqu\u00e9 \u00e0 partir d&#8217;un mat\u00e9riau en \u00e9tain de qualit\u00e9 sup\u00e9rieure non toxique et r\u00e9sistant \u00e0 la chaleur, avec une bouche de tasse lisse \u00e0 des fins de protection lors du jeu. (Remarque : toutes les pi\u00e8ces peuvent \u00eatre facilement nettoy\u00e9es avec un chiffon humide et de l&#8217;air). s\u00e9ch\u00e9 apr\u00e8s d\u00e9gustation.)  <\/span><\/li>\n<li class=\"a-spacing-mini\"><span class=\"a-list-item\"> <b>\ud83c\udf69\u3010Jouets de th\u00e9 portables\u3011<\/b>Venez avec un joli \u00e9tui en carton rose avec une poign\u00e9e de transport pour un rangement facile, dont le poids l\u00e9ger permet \u00e0 votre enfant de l&#8217;emporter n&#8217;importe o\u00f9, un go\u00fbter imminent entre les mains de vos enfants avec cette valise \u00e0 th\u00e9 portable .  <\/span><\/li>\n<li class=\"a-spacing-mini\"><span class=\"a-list-item\"> <b>\ud83d\udc67\u3010Perfect Tea Pretend Party\u3011<\/b>L&#8217;ensemble de th\u00e9 est livr\u00e9 avec suffisamment de couverts pour une f\u00eate de 4, encourageant votre enfant \u00e0 socialiser et \u00e0 communiquer avec ses amis ou sa famille. La th\u00e9i\u00e8re avec un couvercle amovible, qui peut en fait contenir et verser de l&#8217;eau, du th\u00e9 ou du jus afin d&#8217;apporter une exp\u00e9rience de jeu plus r\u00e9aliste !  <\/span><\/li>\n<li class=\"a-spacing-mini\"><span class=\"a-list-item\"> <b>\ud83c\udf81 \u3010Un cadeau qui vaut la peine pour votre princesse\u3011<\/b> Chaque petite fille adore jouer \u00e0 faire semblant. Le service \u00e0 th\u00e9 Licorne sera un excellent cadeau souvenir pour votre petite princesse, visant \u00e0 offrir une imagination et un plaisir sans fin. Et divertissez vos petites filles pendant des heures.  <\/span><\/li>\n<p>Dimensions du produit (L x l x h)                                     \u200f                                          :                                     \u200e  21 x 25,6 x 8 cm; 860 grammes                Code UNSPSC  :  60141000 (Jouets) Signaler un code incorrect              \u00c2ge recommand\u00e9 par le fabricant                                     \u200f                                          :                                     \u200e  36 mois &#8211; 50 ans          Num\u00e9ro du mod\u00e8le de l&#8217;article                                     \u200f                                          :                                     \u200e  AY037          ASIN                                     \u200f                                          :                                     \u200e  B0B49S68FV          Pays d&#8217;origine                                     \u200f                                          :                                     \u200e  Chine<\/p>\n","protected":false},"excerpt":{"rendered":"<p>\ud83c\udf70 \u3010Ensemble de th\u00e9 en \u00e9tain 36 pi\u00e8ces\u3011 Vous obtiendrez l&#8217;ensemble de th\u00e9 comprenant 1 \u00d7 th\u00e9i\u00e8re en \u00e9tain, 4 \u00d7 tasses \u00e0 th\u00e9 en \u00e9tain, 4 \u00d7 sous-verres en<\/p>\n","protected":false},"featured_media":316478,"comment_status":"","ping_status":"closed","template":"","meta":{"_acf_changed":false},"product_brand":[],"product_cat":[36673],"product_tag":[],"class_list":{"0":"post-316475","1":"product","2":"type-product","3":"status-publish","4":"has-post-thumbnail","6":"product_cat-jouets-filles","8":"first","9":"instock","10":"taxable","11":"shipping-taxable","12":"purchasable","13":"product-type-simple","14":"add-to-wishlist-after_add_to_cart"},"acf":[],"_links":{"self":[{"href":"https:\/\/amazonyguyane.fr\/wp-json\/wp\/v2\/product\/316475","targetHints":{"allow":["GET"]}}],"collection":[{"href":"https:\/\/amazonyguyane.fr\/wp-json\/wp\/v2\/product"}],"about":[{"href":"https:\/\/amazonyguyane.fr\/wp-json\/wp\/v2\/types\/product"}],"replies":[{"embeddable":true,"href":"https:\/\/amazonyguyane.fr\/wp-json\/wp\/v2\/comments?post=316475"}],"version-history":[{"count":0,"href":"https:\/\/amazonyguyane.fr\/wp-json\/wp\/v2\/product\/316475\/revisions"}],"wp:featuredmedia":[{"embeddable":true,"href":"https:\/\/amazonyguyane.fr\/wp-json\/wp\/v2\/media\/316478"}],"wp:attachment":[{"href":"https:\/\/amazonyguyane.fr\/wp-json\/wp\/v2\/media?parent=316475"}],"wp:term":[{"taxonomy":"product_brand","embeddable":true,"href":"https:\/\/amazonyguyane.fr\/wp-json\/wp\/v2\/product_brand?post=316475"},{"taxonomy":"product_cat","embeddable":true,"href":"https:\/\/amazonyguyane.fr\/wp-json\/wp\/v2\/product_cat?post=316475"},{"taxonomy":"product_tag","embeddable":true,"href":"https:\/\/amazonyguyane.fr\/wp-json\/wp\/v2\/product_tag?post=316475"}],"curies":[{"name":"wp","href":"https:\/\/api.w.org\/{rel}","templated":true}]}}