{"id":318211,"date":"2023-10-08T14:55:32","date_gmt":"2023-10-08T13:55:32","guid":{"rendered":"https:\/\/amazonyguyane.fr\/?product=321-monopoly-jeu-de-cartes-rapide-pour-4-joueurs-jeu-pour-la-famille-et-les-enfants-a-partir-de-7-ans-2"},"modified":"2023-10-08T14:55:32","modified_gmt":"2023-10-08T13:55:32","slug":"321-monopoly-jeu-de-cartes-rapide-pour-4-joueurs-jeu-pour-la-famille-et-les-enfants-a-partir-de-7-ans-2","status":"publish","type":"product","link":"https:\/\/amazonyguyane.fr\/?product=321-monopoly-jeu-de-cartes-rapide-pour-4-joueurs-jeu-pour-la-famille-et-les-enfants-a-partir-de-7-ans-2","title":{"rendered":"3,2,1 Monopoly, Jeu de Cartes Rapide pour 4\u00a0Joueurs, Jeu pour la Famille et Les Enfants, \u00e0 partir de 7\u00a0Ans"},"content":{"rendered":"<p><!-- show up to 2 reviews by default -->                <\/p>\n<h3> <span>Description du produit<\/span> <\/h3>\n<p> <span>Pr\u00e9parez-vous pour un jeu de cartes Monopoly rapide et enlevant&nbsp;! 3, 2, 1 Monopoly est simple \u00e0 jouer et \u00e0 comprendre, les enfants peuvent donc commencer \u00e0 jouer rapidement avec leurs amis&nbsp;! Le jeu inclut les \u00e9l\u00e9ments embl\u00e9matiques de Monopoly, mais le but est simple&nbsp;: \u00eatre le premier \u00e0 collectionner 3&nbsp;groupes de propri\u00e9t\u00e9s pour gagner. Les joueurs participent \u00e0 des ench\u00e8res secr\u00e8tes, paient avec des cartes Argent et utilisent des cartes Action pour voler des propri\u00e9t\u00e9s aux autres joueurs. Il y a aussi des cartes Joker qui permettent de compl\u00e9ter des groupes. Pour 2 \u00e0 5&nbsp;joueurs. \u00c0 partir de 7 ans.<\/span>  <\/p>\n<h3> <span>Avertissement De S\u00fbret\u00e9<\/span> <\/h3>\n<p> <span>\u00c0 partir de 7 ans Pour 4 joueurs.<\/span>  <\/p>\n<p>Dimensions du produit (L x l x h)                                     \u200f                                          :                                     \u200e  9,21 x 1,9 x 14,29 cm; 170 grammes                Code UNSPSC  :  60141100 (Jeux) Signaler un code incorrect              Date de sortie                                     \u200f                                          :                                     \u200e  15 d\u00e9cembre 2020          \u00c2ge recommand\u00e9 par le fabricant                                     \u200f                                          :                                     \u200e  7 &#8211; 99 ans          Num\u00e9ro du mod\u00e8le de l&#8217;article                                     \u200f                                          :                                     \u200e  F1699447          ASIN                                     \u200f                                          :                                     \u200e  B08PL1X6S9          Pays d&#8217;origine                                     \u200f                                          :                                     \u200e  Belgique<\/p>\n","protected":false},"excerpt":{"rendered":"<p>Description du produit Pr\u00e9parez-vous pour un jeu de cartes Monopoly rapide et enlevant&nbsp;! 3, 2, 1 Monopoly est simple \u00e0 jouer et \u00e0 comprendre, les enfants peuvent donc commencer \u00e0<\/p>\n","protected":false},"featured_media":0,"comment_status":"","ping_status":"closed","template":"","meta":{"_acf_changed":false},"product_brand":[],"product_cat":[70663],"product_tag":[],"class_list":{"0":"post-318211","1":"product","2":"type-product","3":"status-publish","5":"product_cat-jeux-de-societe","7":"first","8":"instock","9":"taxable","10":"shipping-taxable","11":"product-type-variable","12":"add-to-wishlist-after_add_to_cart"},"acf":[],"_links":{"self":[{"href":"https:\/\/amazonyguyane.fr\/index.php?rest_route=\/wp\/v2\/product\/318211","targetHints":{"allow":["GET"]}}],"collection":[{"href":"https:\/\/amazonyguyane.fr\/index.php?rest_route=\/wp\/v2\/product"}],"about":[{"href":"https:\/\/amazonyguyane.fr\/index.php?rest_route=\/wp\/v2\/types\/product"}],"replies":[{"embeddable":true,"href":"https:\/\/amazonyguyane.fr\/index.php?rest_route=%2Fwp%2Fv2%2Fcomments&post=318211"}],"version-history":[{"count":0,"href":"https:\/\/amazonyguyane.fr\/index.php?rest_route=\/wp\/v2\/product\/318211\/revisions"}],"wp:attachment":[{"href":"https:\/\/amazonyguyane.fr\/index.php?rest_route=%2Fwp%2Fv2%2Fmedia&parent=318211"}],"wp:term":[{"taxonomy":"product_brand","embeddable":true,"href":"https:\/\/amazonyguyane.fr\/index.php?rest_route=%2Fwp%2Fv2%2Fproduct_brand&post=318211"},{"taxonomy":"product_cat","embeddable":true,"href":"https:\/\/amazonyguyane.fr\/index.php?rest_route=%2Fwp%2Fv2%2Fproduct_cat&post=318211"},{"taxonomy":"product_tag","embeddable":true,"href":"https:\/\/amazonyguyane.fr\/index.php?rest_route=%2Fwp%2Fv2%2Fproduct_tag&post=318211"}],"curies":[{"name":"wp","href":"https:\/\/api.w.org\/{rel}","templated":true}]}}