{"id":324236,"date":"2023-10-08T17:07:33","date_gmt":"2023-10-08T16:07:33","guid":{"rendered":"https:\/\/amazonyguyane.fr\/?product=clarkshomme-donaway-step-mocassin"},"modified":"2023-10-08T17:08:08","modified_gmt":"2023-10-08T16:08:08","slug":"clarkshomme-donaway-step-mocassin","status":"publish","type":"product","link":"https:\/\/amazonyguyane.fr\/?product=clarkshomme-donaway-step-mocassin","title":{"rendered":"ClarksHomme Donaway Step Mocassin"},"content":{"rendered":"<p><!-- show up to 2 reviews by default -->                        <\/p>\n<p> <span>Ces chaussures plates CLARKS mod\u00e8le Donaway Step, de couleur noire sont id\u00e9ales pour les hommes qui recherchent les derni\u00e8res tendances \u00e0 un prix abordable. Fabriqu\u00e9s en cuir, ils sont parfaits pour marcher tout le temps sans g\u00eane. Ne manquez pas l&#8217;occasion de vous procurer ces chaussures qui sont le must-have de la saison<\/span>  <\/p>\n<p>Production interrompue par le fabricant                                     \u200f                                          :                                     \u200e  Non          Date de mise en ligne sur Amazon.fr                                     \u200f                                          :                                     \u200e  7 octobre 2021                                  Fabricant                                     \u200f                                          :                                     \u200e  Clarks          ASIN                                     \u200f                                          :                                     \u200e  B0C6G28Y4N          Num\u00e9ro du mod\u00e8le de l&#8217;article                                     \u200f                                          :                                     \u200e  261614807          Service                                     \u200f                                          :                                     \u200e  Homme<\/p>\n","protected":false},"excerpt":{"rendered":"<p>Ces chaussures plates CLARKS mod\u00e8le Donaway Step, de couleur noire sont id\u00e9ales pour les hommes qui recherchent les derni\u00e8res tendances \u00e0 un prix abordable. Fabriqu\u00e9s en cuir, ils sont parfaits<\/p>\n","protected":false},"featured_media":324239,"comment_status":"","ping_status":"closed","template":"","meta":{"_acf_changed":false},"product_brand":[],"product_cat":[2876],"product_tag":[],"class_list":{"0":"post-324236","1":"product","2":"type-product","3":"status-publish","4":"has-post-thumbnail","6":"product_cat-moccasin-homme","8":"first","9":"instock","10":"taxable","11":"shipping-taxable","12":"purchasable","13":"product-type-variable","14":"add-to-wishlist-after_add_to_cart"},"acf":[],"_links":{"self":[{"href":"https:\/\/amazonyguyane.fr\/index.php?rest_route=\/wp\/v2\/product\/324236","targetHints":{"allow":["GET"]}}],"collection":[{"href":"https:\/\/amazonyguyane.fr\/index.php?rest_route=\/wp\/v2\/product"}],"about":[{"href":"https:\/\/amazonyguyane.fr\/index.php?rest_route=\/wp\/v2\/types\/product"}],"replies":[{"embeddable":true,"href":"https:\/\/amazonyguyane.fr\/index.php?rest_route=%2Fwp%2Fv2%2Fcomments&post=324236"}],"version-history":[{"count":0,"href":"https:\/\/amazonyguyane.fr\/index.php?rest_route=\/wp\/v2\/product\/324236\/revisions"}],"wp:featuredmedia":[{"embeddable":true,"href":"https:\/\/amazonyguyane.fr\/index.php?rest_route=\/wp\/v2\/media\/324239"}],"wp:attachment":[{"href":"https:\/\/amazonyguyane.fr\/index.php?rest_route=%2Fwp%2Fv2%2Fmedia&parent=324236"}],"wp:term":[{"taxonomy":"product_brand","embeddable":true,"href":"https:\/\/amazonyguyane.fr\/index.php?rest_route=%2Fwp%2Fv2%2Fproduct_brand&post=324236"},{"taxonomy":"product_cat","embeddable":true,"href":"https:\/\/amazonyguyane.fr\/index.php?rest_route=%2Fwp%2Fv2%2Fproduct_cat&post=324236"},{"taxonomy":"product_tag","embeddable":true,"href":"https:\/\/amazonyguyane.fr\/index.php?rest_route=%2Fwp%2Fv2%2Fproduct_tag&post=324236"}],"curies":[{"name":"wp","href":"https:\/\/api.w.org\/{rel}","templated":true}]}}