{"id":330736,"date":"2023-10-31T22:34:31","date_gmt":"2023-10-31T21:34:31","guid":{"rendered":"https:\/\/amazonyguyane.fr\/?product=gd-sjksandales-en-caoutchouc-pour-femme-unisexes-en-plastique-chaussures-classiques-a-boucle-transparente-sandales-en-caoutchouc-chaussures-de-plage-en-cristal"},"modified":"2023-10-31T22:35:05","modified_gmt":"2023-10-31T21:35:05","slug":"gd-sjksandales-en-caoutchouc-pour-femme-unisexes-en-plastique-chaussures-classiques-a-boucle-transparente-sandales-en-caoutchouc-chaussures-de-plage-en-cristal","status":"publish","type":"product","link":"https:\/\/amazonyguyane.fr\/produit\/gd-sjksandales-en-caoutchouc-pour-femme-unisexes-en-plastique-chaussures-classiques-a-boucle-transparente-sandales-en-caoutchouc-chaussures-de-plage-en-cristal\/","title":{"rendered":"GD-SJKSandales en caoutchouc pour femme, unisexes, en plastique, chaussures classiques \u00e0 boucle transparente, sandales en caoutchouc, chaussures de plage en cristal"},"content":{"rendered":"<p> <span>Sandales de plage plates en cristal transparent pour l&#8217;\u00e9t\u00e9 <\/p>\n<p>Cat\u00e9gorie de produit : sandales romaines <br \/>Couleur : six couleurs au choix. <br \/>Tissu : tissu de qualit\u00e9 sup\u00e9rieure. <br \/>Semelle ext\u00e9rieure en caoutchouc. <br \/>Forme des orteils : t\u00eate ronde. <br \/>Couleur : noir, rose, argent, or flash, noir, marron, grand rouge, vert fonc\u00e9, curcuma, bleu fonc\u00e9. <br \/>Hauteur du talon : 2,5 cm. <br \/>Tailles : 36, 37, 38, 39, 40. <br \/>Mat\u00e9riau ext\u00e9rieur : PVC. <br \/>Groupe d&#8217;\u00e2ge applicable : adulte. <br \/>\u00c9l\u00e9ments populaires : paillettes, boucles. <br \/>Style : style romain<\/span>  <\/p>\n<p>Code UNSPSC  :  53111800 (Sandales) Signaler un code incorrect              Date de mise en ligne sur Amazon.fr                                     \u200f                                          :                                     \u200e  26 avril 2022                                  Fabricant                                     \u200f                                          :                                     \u200e  GD-SJK          ASIN                                     \u200f                                          :                                     \u200e  B09X1DK1FD<\/p>\n","protected":false},"excerpt":{"rendered":"<p>Sandales de plage plates en cristal transparent pour l&#8217;\u00e9t\u00e9 Cat\u00e9gorie de produit : sandales romaines Couleur : six couleurs au choix. Tissu : tissu de qualit\u00e9 sup\u00e9rieure. Semelle ext\u00e9rieure en<\/p>\n","protected":false},"featured_media":330737,"comment_status":"","ping_status":"closed","template":"","meta":{"_acf_changed":false},"product_brand":[],"product_cat":[20424],"product_tag":[],"class_list":{"0":"post-330736","1":"product","2":"type-product","3":"status-publish","4":"has-post-thumbnail","6":"product_cat-sandales-de-plage-femmes","8":"first","9":"instock","10":"taxable","11":"shipping-taxable","12":"purchasable","13":"product-type-variable","14":"add-to-wishlist-after_add_to_cart"},"acf":[],"_links":{"self":[{"href":"https:\/\/amazonyguyane.fr\/wp-json\/wp\/v2\/product\/330736","targetHints":{"allow":["GET"]}}],"collection":[{"href":"https:\/\/amazonyguyane.fr\/wp-json\/wp\/v2\/product"}],"about":[{"href":"https:\/\/amazonyguyane.fr\/wp-json\/wp\/v2\/types\/product"}],"replies":[{"embeddable":true,"href":"https:\/\/amazonyguyane.fr\/wp-json\/wp\/v2\/comments?post=330736"}],"version-history":[{"count":0,"href":"https:\/\/amazonyguyane.fr\/wp-json\/wp\/v2\/product\/330736\/revisions"}],"wp:featuredmedia":[{"embeddable":true,"href":"https:\/\/amazonyguyane.fr\/wp-json\/wp\/v2\/media\/330737"}],"wp:attachment":[{"href":"https:\/\/amazonyguyane.fr\/wp-json\/wp\/v2\/media?parent=330736"}],"wp:term":[{"taxonomy":"product_brand","embeddable":true,"href":"https:\/\/amazonyguyane.fr\/wp-json\/wp\/v2\/product_brand?post=330736"},{"taxonomy":"product_cat","embeddable":true,"href":"https:\/\/amazonyguyane.fr\/wp-json\/wp\/v2\/product_cat?post=330736"},{"taxonomy":"product_tag","embeddable":true,"href":"https:\/\/amazonyguyane.fr\/wp-json\/wp\/v2\/product_tag?post=330736"}],"curies":[{"name":"wp","href":"https:\/\/api.w.org\/{rel}","templated":true}]}}