{"id":343018,"date":"2023-11-01T14:57:33","date_gmt":"2023-11-01T13:57:33","guid":{"rendered":"https:\/\/amazonyguyane.fr\/?product=joyreal-busy-board-montessori-parcours-motricite-bebe-planche-montessori-1-2-3-ans-jeux-educatif-tableau-activites-jouet-enfant-pour-garcon-fille"},"modified":"2023-11-01T14:57:33","modified_gmt":"2023-11-01T13:57:33","slug":"joyreal-busy-board-montessori-parcours-motricite-bebe-planche-montessori-1-2-3-ans-jeux-educatif-tableau-activites-jouet-enfant-pour-garcon-fille","status":"publish","type":"product","link":"https:\/\/amazonyguyane.fr\/produit\/joyreal-busy-board-montessori-parcours-motricite-bebe-planche-montessori-1-2-3-ans-jeux-educatif-tableau-activites-jouet-enfant-pour-garcon-fille\/","title":{"rendered":"Joyreal Busy Board Montessori &#8211; Parcours Motricit\u00e9 B\u00e9b\u00e9 Planche Montessori 1 2 3 Ans Jeux Educatif Tableau Activit\u00e9s Jouet Enfant pour Garcon Fille"},"content":{"rendered":"","protected":false},"excerpt":{"rendered":"","protected":false},"featured_media":343019,"comment_status":"","ping_status":"closed","template":"","meta":{"_acf_changed":false},"product_brand":[],"product_cat":[71694],"product_tag":[],"class_list":{"0":"post-343018","1":"product","2":"type-product","3":"status-publish","4":"has-post-thumbnail","6":"product_cat-ventes-flash","8":"first","9":"instock","10":"taxable","11":"shipping-taxable","12":"purchasable","13":"product-type-simple","14":"add-to-wishlist-after_add_to_cart"},"acf":[],"_links":{"self":[{"href":"https:\/\/amazonyguyane.fr\/wp-json\/wp\/v2\/product\/343018","targetHints":{"allow":["GET"]}}],"collection":[{"href":"https:\/\/amazonyguyane.fr\/wp-json\/wp\/v2\/product"}],"about":[{"href":"https:\/\/amazonyguyane.fr\/wp-json\/wp\/v2\/types\/product"}],"replies":[{"embeddable":true,"href":"https:\/\/amazonyguyane.fr\/wp-json\/wp\/v2\/comments?post=343018"}],"version-history":[{"count":0,"href":"https:\/\/amazonyguyane.fr\/wp-json\/wp\/v2\/product\/343018\/revisions"}],"wp:featuredmedia":[{"embeddable":true,"href":"https:\/\/amazonyguyane.fr\/wp-json\/wp\/v2\/media\/343019"}],"wp:attachment":[{"href":"https:\/\/amazonyguyane.fr\/wp-json\/wp\/v2\/media?parent=343018"}],"wp:term":[{"taxonomy":"product_brand","embeddable":true,"href":"https:\/\/amazonyguyane.fr\/wp-json\/wp\/v2\/product_brand?post=343018"},{"taxonomy":"product_cat","embeddable":true,"href":"https:\/\/amazonyguyane.fr\/wp-json\/wp\/v2\/product_cat?post=343018"},{"taxonomy":"product_tag","embeddable":true,"href":"https:\/\/amazonyguyane.fr\/wp-json\/wp\/v2\/product_tag?post=343018"}],"curies":[{"name":"wp","href":"https:\/\/api.w.org\/{rel}","templated":true}]}}