{"id":346488,"date":"2023-11-04T12:35:25","date_gmt":"2023-11-04T11:35:25","guid":{"rendered":"https:\/\/amazonyguyane.fr\/?product=vikaster-skateboard-debutant-planche-a-roulettes-skateboard-79cmx20cmplanche-a-roulettes-completes-avec-des-roulements-a-billes-abec-9-skateboard-cruiser-pour-enfant-fille-garcon-ado-adulte"},"modified":"2023-11-04T12:35:25","modified_gmt":"2023-11-04T11:35:25","slug":"vikaster-skateboard-debutant-planche-a-roulettes-skateboard-79cmx20cmplanche-a-roulettes-completes-avec-des-roulements-a-billes-abec-9-skateboard-cruiser-pour-enfant-fille-garcon-ado-adulte","status":"publish","type":"product","link":"https:\/\/amazonyguyane.fr\/produit\/vikaster-skateboard-debutant-planche-a-roulettes-skateboard-79cmx20cmplanche-a-roulettes-completes-avec-des-roulements-a-billes-abec-9-skateboard-cruiser-pour-enfant-fille-garcon-ado-adulte\/","title":{"rendered":"Vikaster Skateboard d\u00e9butant, Planche \u00e0 roulettes Skateboard, 79cm\u00d720cm,Planche \u00e0 roulettes Compl\u00e8tes avec des roulements \u00e0 Billes ABEC-9, Skateboard Cruiser pour Enfant Fille Gar\u00e7on Ado Adulte"},"content":{"rendered":"<p><!-- show up to 2 reviews by default --><\/p>\n","protected":false},"excerpt":{"rendered":"","protected":false},"featured_media":346489,"comment_status":"","ping_status":"closed","template":"","meta":{"_acf_changed":false},"product_brand":[],"product_cat":[2906],"product_tag":[],"class_list":{"0":"post-346488","1":"product","2":"type-product","3":"status-publish","4":"has-post-thumbnail","6":"product_cat-glisse-urbaine","8":"first","9":"instock","10":"taxable","11":"shipping-taxable","12":"purchasable","13":"product-type-simple","14":"add-to-wishlist-after_add_to_cart"},"acf":[],"_links":{"self":[{"href":"https:\/\/amazonyguyane.fr\/wp-json\/wp\/v2\/product\/346488","targetHints":{"allow":["GET"]}}],"collection":[{"href":"https:\/\/amazonyguyane.fr\/wp-json\/wp\/v2\/product"}],"about":[{"href":"https:\/\/amazonyguyane.fr\/wp-json\/wp\/v2\/types\/product"}],"replies":[{"embeddable":true,"href":"https:\/\/amazonyguyane.fr\/wp-json\/wp\/v2\/comments?post=346488"}],"version-history":[{"count":0,"href":"https:\/\/amazonyguyane.fr\/wp-json\/wp\/v2\/product\/346488\/revisions"}],"wp:featuredmedia":[{"embeddable":true,"href":"https:\/\/amazonyguyane.fr\/wp-json\/wp\/v2\/media\/346489"}],"wp:attachment":[{"href":"https:\/\/amazonyguyane.fr\/wp-json\/wp\/v2\/media?parent=346488"}],"wp:term":[{"taxonomy":"product_brand","embeddable":true,"href":"https:\/\/amazonyguyane.fr\/wp-json\/wp\/v2\/product_brand?post=346488"},{"taxonomy":"product_cat","embeddable":true,"href":"https:\/\/amazonyguyane.fr\/wp-json\/wp\/v2\/product_cat?post=346488"},{"taxonomy":"product_tag","embeddable":true,"href":"https:\/\/amazonyguyane.fr\/wp-json\/wp\/v2\/product_tag?post=346488"}],"curies":[{"name":"wp","href":"https:\/\/api.w.org\/{rel}","templated":true}]}}