{"id":351566,"date":"2023-11-14T15:24:31","date_gmt":"2023-11-14T14:24:31","guid":{"rendered":"https:\/\/amazonyguyane.fr\/mizunomixte-dimension-de-la-vague-volleyball\/"},"modified":"2023-11-14T15:25:49","modified_gmt":"2023-11-14T14:25:49","slug":"mizunomixte-dimension-de-la-vague-volleyball","status":"publish","type":"product","link":"https:\/\/amazonyguyane.fr\/produit\/mizunomixte-dimension-de-la-vague-volleyball\/","title":{"rendered":"MizunoMixte Dimension de la Vague Volleyball"},"content":{"rendered":"<p><!-- show up to 2 reviews by default -->                        <\/p>\n<p> <span>La nouvelle Wave Dimension est la nouvelle chaussure technique de volleyball Mizuno con\u00e7ue \u00e0 la fois pour la stabilit\u00e9 et le confort. Dot\u00e9e d&#8217;un design moderne et tr\u00e8s avanc\u00e9 liant directement au Wave Momentum, la chaussure vous soutiendra de la mani\u00e8re la plus s\u00fbre et confortable gr\u00e2ce \u00e0 une semelle haut de gamme dot\u00e9e de certaines technologies de haut niveau et d&#8217;un design intelligent con\u00e7u pour la performance.<\/span>  <\/p>\n<p>Code UNSPSC  :  53100000 (V\u00eatements) Signaler un code incorrect              Dimensions du colis                                     \u200f                                          :                                     \u200e  32,7 x 21 x 12,3 cm; 670 grammes          Date de mise en ligne sur Amazon.fr                                     \u200f                                          :                                     \u200e  14 ao\u00fbt 2023                                  Fabricant                                     \u200f                                          :                                     \u200e  Mizuno          ASIN                                     \u200f                                          :                                     \u200e  B0BLVBK5XP          Num\u00e9ro du mod\u00e8le de l&#8217;article                                     \u200f                                          :                                     \u200e  V1GA2240          Service                                     \u200f                                          :                                     \u200e  Mixte<\/p>\n","protected":false},"excerpt":{"rendered":"<p>La nouvelle Wave Dimension est la nouvelle chaussure technique de volleyball Mizuno con\u00e7ue \u00e0 la fois pour la stabilit\u00e9 et le confort. Dot\u00e9e d&#8217;un design moderne et tr\u00e8s avanc\u00e9 liant<\/p>\n","protected":false},"featured_media":351569,"comment_status":"","ping_status":"closed","template":"","meta":{"_acf_changed":false},"product_brand":[],"product_cat":[2903],"product_tag":[],"class_list":{"0":"post-351566","1":"product","2":"type-product","3":"status-publish","4":"has-post-thumbnail","6":"product_cat-volley-ball","8":"first","9":"instock","10":"taxable","11":"shipping-taxable","12":"purchasable","13":"product-type-variable","14":"add-to-wishlist-after_add_to_cart"},"acf":[],"_links":{"self":[{"href":"https:\/\/amazonyguyane.fr\/wp-json\/wp\/v2\/product\/351566","targetHints":{"allow":["GET"]}}],"collection":[{"href":"https:\/\/amazonyguyane.fr\/wp-json\/wp\/v2\/product"}],"about":[{"href":"https:\/\/amazonyguyane.fr\/wp-json\/wp\/v2\/types\/product"}],"replies":[{"embeddable":true,"href":"https:\/\/amazonyguyane.fr\/wp-json\/wp\/v2\/comments?post=351566"}],"version-history":[{"count":0,"href":"https:\/\/amazonyguyane.fr\/wp-json\/wp\/v2\/product\/351566\/revisions"}],"wp:featuredmedia":[{"embeddable":true,"href":"https:\/\/amazonyguyane.fr\/wp-json\/wp\/v2\/media\/351569"}],"wp:attachment":[{"href":"https:\/\/amazonyguyane.fr\/wp-json\/wp\/v2\/media?parent=351566"}],"wp:term":[{"taxonomy":"product_brand","embeddable":true,"href":"https:\/\/amazonyguyane.fr\/wp-json\/wp\/v2\/product_brand?post=351566"},{"taxonomy":"product_cat","embeddable":true,"href":"https:\/\/amazonyguyane.fr\/wp-json\/wp\/v2\/product_cat?post=351566"},{"taxonomy":"product_tag","embeddable":true,"href":"https:\/\/amazonyguyane.fr\/wp-json\/wp\/v2\/product_tag?post=351566"}],"curies":[{"name":"wp","href":"https:\/\/api.w.org\/{rel}","templated":true}]}}