{"id":353150,"date":"2023-11-14T16:29:32","date_gmt":"2023-11-14T15:29:32","guid":{"rendered":"https:\/\/amazonyguyane.fr\/capyjamas-combinaison-bebes-garcons-gris-chine-18m\/"},"modified":"2023-11-14T16:29:32","modified_gmt":"2023-11-14T15:29:32","slug":"capyjamas-combinaison-bebes-garcons-gris-chine-18m","status":"publish","type":"product","link":"https:\/\/amazonyguyane.fr\/produit\/capyjamas-combinaison-bebes-garcons-gris-chine-18m\/","title":{"rendered":"C&#038;APyjamas Combinaison B\u00e9b\u00e9s gar\u00e7ons Gris chin\u00e9 18M"},"content":{"rendered":"<p><!-- show up to 2 reviews by default -->                        <\/p>\n<p> <span>Pyjama pour b\u00e9b\u00e9 en doux velours, dot\u00e9 d\u2019une patte de boutonnage sur le c\u00f4t\u00e9. \u00c9cusson brod\u00e9 et pied avec applications de petites oreilles.<\/span>  <\/p>\n<p>Code UNSPSC  :  53100000 (V\u00eatements) Signaler un code incorrect              Dimensions du colis                                     \u200f                                          :                                     \u200e  28 x 20,7 x 4,9 cm; 160 grammes          Date de mise en ligne sur Amazon.fr                                     \u200f                                          :                                     \u200e  5 ao\u00fbt 2023                                  Fabricant                                     \u200f                                          :                                     \u200e  C&amp;A          ASIN                                     \u200f                                          :                                     \u200e  B0CDRXDM4B          Num\u00e9ro du mod\u00e8le de l&#8217;article                                     \u200f                                          :                                     \u200e  2203288_1_086          Pays d&#8217;origine                                     \u200f                                          :                                     \u200e  Bangladesh          Service                                     \u200f                                          :                                     \u200e  B\u00e9b\u00e9 gar\u00e7on<\/p>\n","protected":false},"excerpt":{"rendered":"<p>Pyjama pour b\u00e9b\u00e9 en doux velours, dot\u00e9 d\u2019une patte de boutonnage sur le c\u00f4t\u00e9. \u00c9cusson brod\u00e9 et pied avec applications de petites oreilles. Code UNSPSC : 53100000 (V\u00eatements) Signaler un<\/p>\n","protected":false},"featured_media":353151,"comment_status":"","ping_status":"closed","template":"","meta":{"_acf_changed":false},"product_brand":[],"product_cat":[3023],"product_tag":[],"class_list":{"0":"post-353150","1":"product","2":"type-product","3":"status-publish","4":"has-post-thumbnail","6":"product_cat-vetements-bebes-garcons","8":"first","9":"instock","10":"taxable","11":"shipping-taxable","12":"purchasable","13":"product-type-simple","14":"add-to-wishlist-after_add_to_cart"},"acf":[],"_links":{"self":[{"href":"https:\/\/amazonyguyane.fr\/wp-json\/wp\/v2\/product\/353150","targetHints":{"allow":["GET"]}}],"collection":[{"href":"https:\/\/amazonyguyane.fr\/wp-json\/wp\/v2\/product"}],"about":[{"href":"https:\/\/amazonyguyane.fr\/wp-json\/wp\/v2\/types\/product"}],"replies":[{"embeddable":true,"href":"https:\/\/amazonyguyane.fr\/wp-json\/wp\/v2\/comments?post=353150"}],"version-history":[{"count":0,"href":"https:\/\/amazonyguyane.fr\/wp-json\/wp\/v2\/product\/353150\/revisions"}],"wp:featuredmedia":[{"embeddable":true,"href":"https:\/\/amazonyguyane.fr\/wp-json\/wp\/v2\/media\/353151"}],"wp:attachment":[{"href":"https:\/\/amazonyguyane.fr\/wp-json\/wp\/v2\/media?parent=353150"}],"wp:term":[{"taxonomy":"product_brand","embeddable":true,"href":"https:\/\/amazonyguyane.fr\/wp-json\/wp\/v2\/product_brand?post=353150"},{"taxonomy":"product_cat","embeddable":true,"href":"https:\/\/amazonyguyane.fr\/wp-json\/wp\/v2\/product_cat?post=353150"},{"taxonomy":"product_tag","embeddable":true,"href":"https:\/\/amazonyguyane.fr\/wp-json\/wp\/v2\/product_tag?post=353150"}],"curies":[{"name":"wp","href":"https:\/\/api.w.org\/{rel}","templated":true}]}}