{"id":353384,"date":"2023-11-14T16:34:31","date_gmt":"2023-11-14T15:34:31","guid":{"rendered":"https:\/\/amazonyguyane.fr\/petit-bateaudors-bien-mixte-bebe\/"},"modified":"2023-11-14T16:34:42","modified_gmt":"2023-11-14T15:34:42","slug":"petit-bateaudors-bien-mixte-bebe","status":"publish","type":"product","link":"https:\/\/amazonyguyane.fr\/produit\/petit-bateaudors-bien-mixte-bebe\/","title":{"rendered":"Petit BateauDors Bien Mixte b\u00e9b\u00e9"},"content":{"rendered":"<p><!-- show up to 2 reviews by default -->                        <\/p>\n<p> <span>Dors-bien en c\u00f4te, la mati\u00e8re embl\u00e9matique de Petit Bateau.Ouverture pressionn\u00e9e crois\u00e9e sur le devant.Dessous de pieds contrast\u00e9s en rayures milleraies.<\/span>  <\/p>\n<p>Code UNSPSC  :  53100000 (V\u00eatements) Signaler un code incorrect              Dimensions du colis                                     \u200f                                          :                                     \u200e  28,3 x 18,6 x 2,1 cm; 90 grammes          Date de mise en ligne sur Amazon.fr                                     \u200f                                          :                                     \u200e  3 f\u00e9vrier 2021                                  Fabricant                                     \u200f                                          :                                     \u200e  Petit Bateau          ASIN                                     \u200f                                          :                                     \u200e  B08VRM5FMW          Num\u00e9ro du mod\u00e8le de l&#8217;article                                     \u200f                                          :                                     \u200e  A0211          Service                                     \u200f                                          :                                     \u200e  Mixte b\u00e9b\u00e9<\/p>\n","protected":false},"excerpt":{"rendered":"<p>Dors-bien en c\u00f4te, la mati\u00e8re embl\u00e9matique de Petit Bateau.Ouverture pressionn\u00e9e crois\u00e9e sur le devant.Dessous de pieds contrast\u00e9s en rayures milleraies. Code UNSPSC : 53100000 (V\u00eatements) Signaler un code incorrect Dimensions<\/p>\n","protected":false},"featured_media":353385,"comment_status":"","ping_status":"closed","template":"","meta":{"_acf_changed":false},"product_brand":[],"product_cat":[3023],"product_tag":[],"class_list":{"0":"post-353384","1":"product","2":"type-product","3":"status-publish","4":"has-post-thumbnail","6":"product_cat-vetements-bebes-garcons","8":"first","9":"instock","10":"taxable","11":"shipping-taxable","12":"purchasable","13":"product-type-variable","14":"add-to-wishlist-after_add_to_cart"},"acf":[],"_links":{"self":[{"href":"https:\/\/amazonyguyane.fr\/wp-json\/wp\/v2\/product\/353384","targetHints":{"allow":["GET"]}}],"collection":[{"href":"https:\/\/amazonyguyane.fr\/wp-json\/wp\/v2\/product"}],"about":[{"href":"https:\/\/amazonyguyane.fr\/wp-json\/wp\/v2\/types\/product"}],"replies":[{"embeddable":true,"href":"https:\/\/amazonyguyane.fr\/wp-json\/wp\/v2\/comments?post=353384"}],"version-history":[{"count":0,"href":"https:\/\/amazonyguyane.fr\/wp-json\/wp\/v2\/product\/353384\/revisions"}],"wp:featuredmedia":[{"embeddable":true,"href":"https:\/\/amazonyguyane.fr\/wp-json\/wp\/v2\/media\/353385"}],"wp:attachment":[{"href":"https:\/\/amazonyguyane.fr\/wp-json\/wp\/v2\/media?parent=353384"}],"wp:term":[{"taxonomy":"product_brand","embeddable":true,"href":"https:\/\/amazonyguyane.fr\/wp-json\/wp\/v2\/product_brand?post=353384"},{"taxonomy":"product_cat","embeddable":true,"href":"https:\/\/amazonyguyane.fr\/wp-json\/wp\/v2\/product_cat?post=353384"},{"taxonomy":"product_tag","embeddable":true,"href":"https:\/\/amazonyguyane.fr\/wp-json\/wp\/v2\/product_tag?post=353384"}],"curies":[{"name":"wp","href":"https:\/\/api.w.org\/{rel}","templated":true}]}}