{"id":356854,"date":"2023-12-01T10:15:39","date_gmt":"2023-12-01T09:15:39","guid":{"rendered":"https:\/\/amazonyguyane.fr\/dog-copenhagen-nobby-grande-cuillere-a-litiere-fine-pour-chat\/"},"modified":"2023-12-01T10:15:39","modified_gmt":"2023-12-01T09:15:39","slug":"dog-copenhagen-nobby-grande-cuillere-a-litiere-fine-pour-chat","status":"publish","type":"product","link":"https:\/\/amazonyguyane.fr\/produit\/dog-copenhagen-nobby-grande-cuillere-a-litiere-fine-pour-chat\/","title":{"rendered":"Dog Copenhagen Nobby Grande cuill\u00e8re \u00e0 liti\u00e8re Fine pour Chat"},"content":{"rendered":"","protected":false},"excerpt":{"rendered":"","protected":false},"featured_media":356855,"comment_status":"","ping_status":"closed","template":"","meta":{"_acf_changed":false},"product_brand":[],"product_cat":[71694],"product_tag":[],"class_list":{"0":"post-356854","1":"product","2":"type-product","3":"status-publish","4":"has-post-thumbnail","6":"product_cat-ventes-flash","8":"first","9":"instock","10":"taxable","11":"shipping-taxable","12":"purchasable","13":"product-type-simple","14":"add-to-wishlist-after_add_to_cart"},"acf":[],"_links":{"self":[{"href":"https:\/\/amazonyguyane.fr\/wp-json\/wp\/v2\/product\/356854","targetHints":{"allow":["GET"]}}],"collection":[{"href":"https:\/\/amazonyguyane.fr\/wp-json\/wp\/v2\/product"}],"about":[{"href":"https:\/\/amazonyguyane.fr\/wp-json\/wp\/v2\/types\/product"}],"replies":[{"embeddable":true,"href":"https:\/\/amazonyguyane.fr\/wp-json\/wp\/v2\/comments?post=356854"}],"version-history":[{"count":0,"href":"https:\/\/amazonyguyane.fr\/wp-json\/wp\/v2\/product\/356854\/revisions"}],"wp:featuredmedia":[{"embeddable":true,"href":"https:\/\/amazonyguyane.fr\/wp-json\/wp\/v2\/media\/356855"}],"wp:attachment":[{"href":"https:\/\/amazonyguyane.fr\/wp-json\/wp\/v2\/media?parent=356854"}],"wp:term":[{"taxonomy":"product_brand","embeddable":true,"href":"https:\/\/amazonyguyane.fr\/wp-json\/wp\/v2\/product_brand?post=356854"},{"taxonomy":"product_cat","embeddable":true,"href":"https:\/\/amazonyguyane.fr\/wp-json\/wp\/v2\/product_cat?post=356854"},{"taxonomy":"product_tag","embeddable":true,"href":"https:\/\/amazonyguyane.fr\/wp-json\/wp\/v2\/product_tag?post=356854"}],"curies":[{"name":"wp","href":"https:\/\/api.w.org\/{rel}","templated":true}]}}